000
CXUS55 KPSR 241005
CF6PHX
PRELIMINARY LOCAL CLIMATOLOGICAL DATA (WS FORM: F-6)

                                          STATION:   PHOENIX AZ
                                          MONTH:     MAY
                                          YEAR:      2018
                                          LATITUDE:   33 25 N
                                          LONGITUDE: 112  1 W

  TEMPERATURE IN F:       :PCPN:    SNOW:  WIND      :SUNSHINE: SKY     :PK WND
================================================================================
1   2   3   4   5  6A  6B    7    8   9   10  11  12  13   14  15   16   17  18
                                     12Z  AVG MX 2MIN
DY MAX MIN AVG DEP HDD CDD  WTR  SNW DPTH SPD SPD DIR MIN PSBL S-S WX    SPD DR
================================================================================

 1  77  64  71  -7   0   6 0.00  0.0    0  8.7 25 180   M    M   6        37 150
 2  75  60  68 -10   0   3 0.00  0.0    0  8.2 18 230   M    M   6 3      25 210
 3  83  58  71  -7   0   6 0.00  0.0    0  5.4 15 290   M    M   1        19 260
 4  96  64  80   2   0  15 0.00  0.0    0  4.5 14 360   M    M   0        17 270
 5 103  68  86   7   0  21 0.00  0.0    0  6.5 22 120   M    M   2        27 150
 6 106  73  90  11   0  25 0.00  0.0    0  6.6 16 190   M    M   7        26 320
 7 101  77  89  10   0  24 0.00  0.0    0  4.4 12  20   M    M   5        16 320
 8 106  74  90  10   0  25 0.00  0.0    0  5.9 13 290   M    M   3         M  M
 9 105  74  90  10   0  25 0.00  0.0    0  5.9 16 280   M    M   3        19 300
10 106  74  90  10   0  25 0.00  0.0    0  8.4 21 260   M    M   1        27 280
11 102  75  89   8   0  24 0.00  0.0    0  8.8 25 230   M    M   3        31 230
12  90  72  81   0   0  16 0.00  0.0    0  9.3 21 270   M    M   1        27 280
13  90  66  78  -3   0  13 0.00  0.0    0  8.8 17 150   M    M   1        21 150
14  95  68  82   0   0  17 0.00  0.0    0  6.9 17 280   M    M   1        23 190
15  95  69  82   0   0  17 0.00  0.0    0  5.1 12 320   M    M   0        18 350
16  99  70  85   3   0  20 0.00  0.0    0  5.3 16 290   M    M   0        21 300
17  98  71  85   3   0  20 0.00  0.0    0 10.2 21 270   M    M   1        26 230
18  93  69  81  -2   0  16 0.00  0.0    0  7.7 18 270   M    M   0 8      23 260
19  97  70  84   1   0  19 0.00  0.0    0  6.0 14 240   M    M   2        19 190
20  99  72  86   3   0  21 0.00  0.0    0  8.5 17 170   M    M   3        24 150
21  97  72  85   1   0  20 0.00  0.0    0  9.7 23 280   M    M   5        26 160
22  95  70  83  -1   0  18 0.00  0.0    0  9.3 23 270   M    M   2        29 180
23  95  70  83  -1   0  18 0.00  0.0    0  7.8 17 160   M    M   0        22 200
================================================================================
SM 2203 1600         0 414  0.00     0.0 167.9          M       53
================================================================================
AV 95.8 69.6                               7.3 FASTST   M    M   2    MAX(MPH)
                                 MISC ---->  # 25 180               # 37  150
================================================================================
NOTES:
# LAST OF SEVERAL OCCURRENCES

COLUMN 17 PEAK WIND IN M.P.H.

PRELIMINARY LOCAL CLIMATOLOGICAL DATA (WS FORM: F-6) , PAGE 2

                                          STATION:  PHOENIX AZ
                                          MONTH:    MAY
                                          YEAR:     2018
                                          LATITUDE:   33 25 N
                                          LONGITUDE: 112  1 W

[TEMPERATURE DATA]      [PRECIPITATION DATA]       SYMBOLS USED IN COLUMN 16

AVERAGE MONTHLY: 82.7   TOTAL FOR MONTH:   0.00    1 = FOG OR MIST
DPTR FM NORMAL:   1.8   DPTR FM NORMAL:   -0.09    2 = FOG REDUCING VISIBILITY
HIGHEST:   106 ON 10, 8 GRTST 24HR  0.00 ON 23-23      TO 1/4 MILE OR LESS
LOWEST:     58 ON  3                               3 = THUNDER
                        SNOW, ICE PELLETS, HAIL    4 = ICE PELLETS
                        TOTAL MONTH:   0.0 INCH    5 = HAIL
                        GRTST 24HR     0.0         6 = FREEZING RAIN OR DRIZZLE
                        GRTST DEPTH:   0           7 = DUSTSTORM OR SANDSTORM:
                                                       VSBY 1/2 MILE OR LESS
                                                   8 = SMOKE OR HAZE
[NO. OF DAYS WITH]      [WEATHER - DAYS WITH]      9 = BLOWING SNOW
                                                   X = TORNADO
MAX 32 OR BELOW:   0    0.01 INCH OR MORE:   0
MAX 90 OR ABOVE:  20    0.10 INCH OR MORE:   0
MIN 32 OR BELOW:   0    0.50 INCH OR MORE:   0
MIN  0 OR BELOW:   0    1.00 INCH OR MORE:   0

[HDD (BASE 65) ]
TOTAL THIS MO.     0    CLEAR  (SCALE 0-3)  17
DPTR FM NORMAL     0    PTCLDY (SCALE 4-7)   6
TOTAL FM JUL 1   499    CLOUDY (SCALE 8-10)  0
DPTR FM NORMAL  -435

[CDD (BASE 65) ]
TOTAL THIS MO.   414
DPTR FM NORMAL    47    [PRESSURE DATA]
TOTAL FM JAN 1   917    HIGHEST SLP M ON M
DPTR FM NORMAL   195    LOWEST  SLP 29.52 ON 11

[REMARKS]
