000
CXUS53 KARX 250930
CF6RST
PRELIMINARY LOCAL CLIMATOLOGICAL DATA (WS FORM: F-6)

                                          STATION:   ROCHESTER MN
                                          MONTH:     APRIL
                                          YEAR:      2018
                                          LATITUDE:   43 55 N
                                          LONGITUDE:  92 30 W

  TEMPERATURE IN F:       :PCPN:    SNOW:  WIND      :SUNSHINE: SKY     :PK WND
================================================================================
1   2   3   4   5  6A  6B    7    8   9   10  11  12  13   14  15   16   17  18
                                     12Z  AVG MX 2MIN
DY MAX MIN AVG DEP HDD CDD  WTR  SNW DPTH SPD SPD DIR MIN PSBL S-S WX    SPD DR
================================================================================

 1  33  12  23 -17  42   0 0.00  0.0    0 11.3 21 300   M    M   1        31 290
 2  36  20  28 -12  37   0    T    T    0 10.4 20 140   M    M   6 18     27 130
 3  31  19  25 -16  40   0 0.61  7.4    1 16.8 25 320   M    M  10 12     34 350
 4  23   6  15 -26  50   0    T    T    7 11.6 25 310   M    M   4 1      31 320
 5  35   9  22 -20  43   0 0.01  0.1    6  9.1 25 320   M    M   6 1      32 310
 6  30  10  20 -22  45   0    T    T    3 22.5 43 320   M    M   3 89     49 310
 7  29   8  19 -24  46   0 0.00  0.0    3 11.5 21 310   M    M   1        26 300
 8  31   9  20 -23  45   0 0.06  0.3    2  7.9 15 140   M    M   5 1      19 140
 9  35  19  27 -17  38   0    T    T    1  9.2 15 300   M    M   5 1      20 340
10  35  24  30 -14  35   0    T    T    T 11.0 18 210   M    M   9 8      23 220
11  46  29  38  -7  27   0 0.03  0.0    0  9.1 17 120   M    M   4 1      23 100
12  54  32  43  -2  22   0 0.00  0.0    0 10.4 17  30   M    M   3 128    23  40
13  41  31  36 -10  29   0 1.48  0.3    0 23.0 35  70   M    M  10 1346   46  50
14  32  22  27 -19  38   0 0.37  2.5    1 26.2 39  50   M    M  10 1236   55  40
15  25  20  23 -24  42   0 0.20  2.4    3 18.1 29  30   M    M  10 1      39  30
16  30  21  26 -21  39   0    T    T    5 16.5 24 320   M    M  10 1      32 340
17  36  21  29 -19  36   0 0.00  0.0    4  9.4 17  30   M    M   1        22 350
18  31  26  29 -19  36   0 0.42  4.0    2 10.3 17  60   M    M   7 12     22  60
19  42  18  30 -18  35   0 0.00  0.0    5  8.3 12 310   M    M   0        14 350
20  45  23  34 -15  31   0 0.00  0.0    2  4.5 10 270   M    M   0        11 140
21  52  35  44  -5  21   0    T  0.0    0  3.5 13 190   M    M   8        16 170
22  60  35  48  -2  17   0 0.00  0.0    0  6.4 13 120   M    M   1        18 100
23  67  37  52   2  13   0 0.00  0.0    0  5.1 10  40   M    M   0        14  40
24  70  39  55   5  10   0 0.00  0.0    0 10.0 25 340   M    M   3 8      32 350
================================================================================
SM  949  525       817   0  3.18    17.0 282.1          M      117
================================================================================
AV 39.5 21.9                              11.8 FASTST   M    M   5    MAX(MPH)
                                 MISC ---->  # 43 320               # 55   40
================================================================================
NOTES:
# LAST OF SEVERAL OCCURRENCES

COLUMN 17 PEAK WIND IN M.P.H.

PRELIMINARY LOCAL CLIMATOLOGICAL DATA (WS FORM: F-6) , PAGE 2

                                          STATION:  ROCHESTER MN
                                          MONTH:    APRIL
                                          YEAR:     2018
                                          LATITUDE:   43 55 N
                                          LONGITUDE:  92 30 W

[TEMPERATURE DATA]      [PRECIPITATION DATA]       SYMBOLS USED IN COLUMN 16

AVERAGE MONTHLY: 30.7   TOTAL FOR MONTH:   3.18    1 = FOG OR MIST
DPTR FM NORMAL: -14.6   DPTR FM NORMAL:    0.68    2 = FOG REDUCING VISIBILITY
HIGHEST:    70 ON 24    GRTST 24HR  1.48 ON 13-13      TO 1/4 MILE OR LESS
LOWEST:      6 ON  4                               3 = THUNDER
                        SNOW, ICE PELLETS, HAIL    4 = ICE PELLETS
                        TOTAL MONTH:  17.0 INCHES  5 = HAIL
                        GRTST 24HR   7.4 ON  3- 3  6 = FREEZING RAIN OR DRIZZLE
                        GRTST DEPTH:   7 ON  4     7 = DUSTSTORM OR SANDSTORM:
                                                       VSBY 1/2 MILE OR LESS
                                                   8 = SMOKE OR HAZE
[NO. OF DAYS WITH]      [WEATHER - DAYS WITH]      9 = BLOWING SNOW
                                                   X = TORNADO
MAX 32 OR BELOW:   9    0.01 INCH OR MORE:   8
MAX 90 OR ABOVE:   0    0.10 INCH OR MORE:   5
MIN 32 OR BELOW:  20    0.50 INCH OR MORE:   2
MIN  0 OR BELOW:   0    1.00 INCH OR MORE:   1

[HDD (BASE 65) ]
TOTAL THIS MO.   817    CLEAR  (SCALE 0-3)   9
DPTR FM NORMAL   343    PTCLDY (SCALE 4-7)   9
TOTAL FM JUL 1  7847    CLOUDY (SCALE 8-10)  6
DPTR FM NORMAL   501

[CDD (BASE 65) ]
TOTAL THIS MO.     0
DPTR FM NORMAL     0    [PRESSURE DATA]
TOTAL FM JAN 1     0    HIGHEST SLP M ON M
DPTR FM NORMAL     0    LOWEST  SLP 29.56 ON 12

[REMARKS]
