000
CXUS53 KMPX 241000
CF6RWF
PRELIMINARY LOCAL CLIMATOLOGICAL DATA (WS FORM: F-6)

                                          STATION:   REDWOOD FALLS MN
                                          MONTH:     APRIL
                                          YEAR:      2018
                                          LATITUDE:   44 32 N
                                          LONGITUDE:  95  5 W

  TEMPERATURE IN F:       :PCPN:    SNOW:  WIND      :SUNSHINE: SKY     :PK WND
================================================================================
1   2   3   4   5  6A  6B    7    8   9   10  11  12  13   14  15   16   17  18
                                     12Z  AVG MX 2MIN
DY MAX MIN AVG DEP HDD CDD  WTR  SNW DPTH SPD SPD DIR MIN PSBL S-S WX    SPD DR
================================================================================

 1  32  14  23 -16  42   0 0.00    M    M 10.8 18 280   M    M   0        27 270
 2  31  25  28 -12  37   0    M    M    M 11.6 23 160   M    M   7 18     27 140
 3  28  11  20 -20  45   0    M    M    M 13.3 23 320   M    M  10 12     34 330
 4  27   4  16 -25  49   0 0.00    M    M  8.1 14 220   M    M   3        20 320
 5  38  13  26 -15  39   0    M    M    M  7.6 22 330   M    M   4 12     32 320
 6  24  11  18 -24  47   0    M    M    M 16.4 28 330   M    M   2 1      40 320
 7  32  12  22 -20  43   0 0.00    M    M  7.2 15 280   M    M   0        20 290
 8  29  22  26 -17  39   0    M    M    M 11.1 21 130   M    M   7 12     24 140
 9  32  16  24 -19  41   0    M    M    M  6.3 13 280   M    M   7 12     19 340
10  43  29  36  -8  29   0    M    M    M  9.2 17 220   M    M   7        21 200
11  45  31  38  -6  27   0 0.00    M    M  7.8 16 130   M    M   4 1      21  90
12  50  31  41  -4  24   0 0.00    M    M  6.4 14  60   M    M   5 18     21  60
13  39  31  35 -11  30   0    M    M    M 14.8 25  40   M    M  10 13     45  60
14  31  22  27 -19  38   0    M    M    M 15.8 26  30   M    M  10 123    41  40
15  30  22  26 -20  39   0    M    M    M 13.5 23 360   M    M   9 18     32 360
16  37  17  27 -20  38   0    M    M    M 10.9 20 330   M    M   1        27 330
17  40  21  31 -17  34   0 0.00    M    M  4.8 13  70   M    M   0        17  70
18  38  30  34 -14  31   0    M    M    M  7.9 16 360   M    M   5        20  10
19  42  26  34 -14  31   0 0.00  0.0    0  5.2 10 220   M    M   0        12 230
20  43  21  32 -17  33   0 0.00    M    M  6.4 13 130   M    M   0 1      18 130
21  52  34  43  -6  22   0 0.00    M    M  4.8 10 170   M    M   2        12 170
22  58  32  45  -5  20   0 0.00    M    M  5.9 18 160   M    M   0        24 170
23  67  35  51   1  14   0 0.00    M    M  3.5  9 170   M    M   0        13 230
================================================================================
SM  888  510       792   0  0.00     0.0 209.3          M       93
================================================================================
AV 38.6 22.2                               9.1 FASTST   M    M   4    MAX(MPH)
                                 MISC ---->  # 28 330               # 45   60
================================================================================
NOTES:
# LAST OF SEVERAL OCCURRENCES

COLUMN 17 PEAK WIND IN M.P.H.

PRELIMINARY LOCAL CLIMATOLOGICAL DATA (WS FORM: F-6) , PAGE 2

                                          STATION:  REDWOOD FALLS MN
                                          MONTH:    APRIL
                                          YEAR:     2018
                                          LATITUDE:   44 32 N
                                          LONGITUDE:  95  5 W

[TEMPERATURE DATA]      [PRECIPITATION DATA]       SYMBOLS USED IN COLUMN 16

AVERAGE MONTHLY: 30.4   TOTAL FOR MONTH:   0.00    1 = FOG OR MIST
DPTR FM NORMAL: -14.4   DPTR FM NORMAL:   -1.98    2 = FOG REDUCING VISIBILITY
HIGHEST:    67 ON 23    GRTST 24HR    T  ON 31- 1      TO 1/4 MILE OR LESS
LOWEST:      4 ON  4                               3 = THUNDER
                        SNOW, ICE PELLETS, HAIL    4 = ICE PELLETS
                        TOTAL MONTH:   0.0 INCH    5 = HAIL
                        GRTST 24HR     0.0         6 = FREEZING RAIN OR DRIZZLE
                        GRTST DEPTH:   0           7 = DUSTSTORM OR SANDSTORM:
                                                       VSBY 1/2 MILE OR LESS
                                                   8 = SMOKE OR HAZE
[NO. OF DAYS WITH]      [WEATHER - DAYS WITH]      9 = BLOWING SNOW
                                                   X = TORNADO
MAX 32 OR BELOW:  10    0.01 INCH OR MORE:   0
MAX 90 OR ABOVE:   0    0.10 INCH OR MORE:   0
MIN 32 OR BELOW:  21    0.50 INCH OR MORE:   0
MIN  0 OR BELOW:   0    1.00 INCH OR MORE:   0

[HDD (BASE 65) ]
TOTAL THIS MO.   792    CLEAR  (SCALE 0-3)  11
DPTR FM NORMAL   326    PTCLDY (SCALE 4-7)   8
TOTAL FM JUL 1  7507    CLOUDY (SCALE 8-10)  4
DPTR FM NORMAL   -16

[CDD (BASE 65) ]
TOTAL THIS MO.     0
DPTR FM NORMAL     0    [PRESSURE DATA]
TOTAL FM JAN 1     0    HIGHEST SLP M ON M
DPTR FM NORMAL     0    LOWEST  SLP 29.66 ON 12

[REMARKS]
