000
CXUS53 KLMK 220800
CF6SDF
PRELIMINARY LOCAL CLIMATOLOGICAL DATA (WS FORM: F-6)

                                          STATION:   LOUISVILLE KY
                                          MONTH:     MAY
                                          YEAR:      2018
                                          LATITUDE:   38 10 N
                                          LONGITUDE:  85 44 W

  TEMPERATURE IN F:       :PCPN:    SNOW:  WIND      :SUNSHINE: SKY     :PK WND
================================================================================
1   2   3   4   5  6A  6B    7    8   9   10  11  12  13   14  15   16   17  18
                                     12Z  AVG MX 2MIN
DY MAX MIN AVG DEP HDD CDD  WTR  SNW DPTH SPD SPD DIR MIN PSBL S-S WX    SPD DR
================================================================================

 1  84  49  67   4   0   2 0.00  0.0    0  7.9 21 230   M    M   2        26 260
 2  88  68  78  15   0  13 0.00  0.0    0 13.1 25 210   M    M   8        35 200
 3  81  72  77  14   0  12    T  0.0    0 11.5 24 230   M    M   9        34 270
 4  82  69  76  12   0  11    T  0.0    0 12.1 22 240   M    M   9 3      29 230
 5  70  61  66   2   0   1 3.15  0.0    0  5.9 17  90   M    M  10 12     21  90
 6  82  59  71   7   0   6 0.05  0.0    0  5.6 26 290   M    M   5 13     43 300
 7  76  57  67   3   0   2 0.00  0.0    0  8.1 16  10   M    M   2        23  10
 8  80  53  67   2   0   2 0.00  0.0    0  3.6  9 310   M    M   2        14  20
 9  86  56  71   6   0   6 0.00  0.0    0  9.4 20 180   M    M   7        31 180
10  87  69  78  13   0  13 0.09  0.0    0 10.7 20 270   M    M   6 3      28 270
11  88  66  77  11   0  12 0.00  0.0    0  9.5 21 220   M    M   8        32 300
12  89  71  80  14   0  15 0.00  0.0    0  9.8 21 240   M    M   5        28 270
13  89  69  79  13   0  14 0.00  0.0    0  9.2 17 220   M    M   4 8      25 260
14  92  72  82  16   0  17 0.00  0.0    0  6.8 15 210   M    M   2        19 210
15  91  73  82  15   0  17 0.00  0.0    0  6.0 14  30   M    M   9        18 290
16  82  70  76   9   0  11 0.07  0.0    0  6.5 13  20   M    M   8 13     19  30
17  83  67  75   8   0  10 0.20  0.0    0  6.3 22  50   M    M   8 138    30  60
18  78  69  74   6   0   9 0.03  0.0    0  5.8 12  70   M    M   9 3      15 140
19  83  69  76   8   0  11    T  0.0    0  8.6 17 260   M    M   8 1      23 270
20  91  67  79  11   0  14 0.00  0.0    0  6.3 16 310   M    M   6        22 320
21  88  70  79  11   0  14 0.09  0.0    0  5.4 18 300   M    M   7 3      24 300
================================================================================
SM 1770 1376         0 212  3.68     0.0 168.1          M      134
================================================================================
AV 84.3 65.5                               8.0 FASTST   M    M   6    MAX(MPH)
                                 MISC ---->  # 26 290               # 43  300
================================================================================
NOTES:
# LAST OF SEVERAL OCCURRENCES

COLUMN 17 PEAK WIND IN M.P.H.

PRELIMINARY LOCAL CLIMATOLOGICAL DATA (WS FORM: F-6) , PAGE 2

                                          STATION:  LOUISVILLE KY
                                          MONTH:    MAY
                                          YEAR:     2018
                                          LATITUDE:   38 10 N
                                          LONGITUDE:  85 44 W

[TEMPERATURE DATA]      [PRECIPITATION DATA]       SYMBOLS USED IN COLUMN 16

AVERAGE MONTHLY: 74.9   TOTAL FOR MONTH:   3.68    1 = FOG OR MIST
DPTR FM NORMAL:   9.3   DPTR FM NORMAL:    0.02    2 = FOG REDUCING VISIBILITY
HIGHEST:    92 ON 14    GRTST 24HR  3.15 ON  5- 5      TO 1/4 MILE OR LESS
LOWEST:     49 ON  1                               3 = THUNDER
                        SNOW, ICE PELLETS, HAIL    4 = ICE PELLETS
                        TOTAL MONTH:   0.0 INCH    5 = HAIL
                        GRTST 24HR     0.0         6 = FREEZING RAIN OR DRIZZLE
                        GRTST DEPTH:   0           7 = DUSTSTORM OR SANDSTORM:
                                                       VSBY 1/2 MILE OR LESS
                                                   8 = SMOKE OR HAZE
[NO. OF DAYS WITH]      [WEATHER - DAYS WITH]      9 = BLOWING SNOW
                                                   X = TORNADO
MAX 32 OR BELOW:   0    0.01 INCH OR MORE:   7
MAX 90 OR ABOVE:   3    0.10 INCH OR MORE:   2
MIN 32 OR BELOW:   0    0.50 INCH OR MORE:   1
MIN  0 OR BELOW:   0    1.00 INCH OR MORE:   1

[HDD (BASE 65) ]
TOTAL THIS MO.     0    CLEAR  (SCALE 0-3)   4
DPTR FM NORMAL   -58    PTCLDY (SCALE 4-7)  10
TOTAL FM JUL 1  4059    CLOUDY (SCALE 8-10)  7
DPTR FM NORMAL   -24

[CDD (BASE 65) ]
TOTAL THIS MO.   212
DPTR FM NORMAL   143    [PRESSURE DATA]
TOTAL FM JAN 1   243    HIGHEST SLP M ON M
DPTR FM NORMAL   131    LOWEST  SLP 29.84 ON 18

[REMARKS]
