000
CXUS56 KFGZ 210900
CF6SJN
PRELIMINARY LOCAL CLIMATOLOGICAL DATA (WS FORM: F-6)

                                          STATION:   SAINT JOHNS AZ AIRPORT
                                          MONTH:     APRIL
                                          YEAR:      2018
                                          LATITUDE:   34 31 N
                                          LONGITUDE: 109 23 W

  TEMPERATURE IN F:       :PCPN:    SNOW:  WIND      :SUNSHINE: SKY     :PK WND
================================================================================
1   2   3   4   5  6A  6B    7    8   9   10  11  12  13   14  15   16   17  18
                                     12Z  AVG MX 2MIN
DY MAX MIN AVG DEP HDD CDD  WTR  SNW DPTH SPD SPD DIR MIN PSBL S-S WX    SPD DR
================================================================================

 1  73  47  60  11   5   0 0.00  0.0    0  7.7 21 240   M    M   0        27 270
 2  72  35  54   5  11   0 0.00    M    M 13.2 31 260   M    M   0        39 260
 3  70  39  55   6  10   0 0.00    M    M  9.2 22 300   M    M   1        29 290
 4  75  34  55   5  10   0 0.00999.0    M  9.3 25 250   M    M   0        33 250
 5  74  39  57   7   8   0 0.00    M    M  7.3 17 240   M    M   0        24 290
 6  77  52  65  15   0   0 0.00    M    M 16.5 28 270   M    M   0 8      35 260
 7  83  50  67  16   0   2 0.00    M    M 14.1 31 250   M    M   1        39 250
 8  79  47  63  12   2   0 0.00    M    M 17.1 35 320   M    M   1        44 310
 9  72  35  54   3  11   0 0.00    M    M  4.6 18 340   M    M   0        23 340
10  79  30  55   3  10   0 0.00  0.0    0  4.1 16 330   M    M   0        20 330
11  81  37  59   7   6   0 0.00    M    M 11.2 26 270   M    M   0        34 250
12  74  43  59   7   6   0 0.00    M    M 23.0 48 240   M    M   0        62 240
13  53  30  42 -11  23   0 0.00    M    M 20.2 36 320   M    M   4        48 320
14  62  24  43 -10  22   0 0.00    M    M  6.8 18 320   M    M   0        26 280
15  77  27  52  -1  13   0 0.00    M    M  6.3 25 250   M    M   0        31 260
16  77  45  61   7   4   0 0.00    M    M 13.3 30 240   M    M   0        41 220
17  68  34  51  -3  14   0 0.00    M    M 23.8 52 230   M    M   0 8      69 230
18  74  23  49  -5  16   0 0.00  0.0    0  6.1 23 250   M    M   0        27 260
19  80  30  55   0  10   0 0.00    M    M 16.6 45 200   M    M   0        58 200
20  57  35  46  -9  19   0 0.22    M    0 13.7 31 280   M    M   5 1      43 300
================================================================================
SM 1457  736       200   2  0.22   999.0 244.1          M       12
================================================================================
AV 72.9 36.8                              12.2 FASTST   M    M   1    MAX(MPH)
                                 MISC ---->  # 52 230               # 69  230
================================================================================
NOTES:
# LAST OF SEVERAL OCCURRENCES

COLUMN 17 PEAK WIND IN M.P.H.

PRELIMINARY LOCAL CLIMATOLOGICAL DATA (WS FORM: F-6) , PAGE 2

                                          STATION:  SAINT JOHNS AZ AIRPORT
                                          MONTH:    APRIL
                                          YEAR:     2018
                                          LATITUDE:   34 31 N
                                          LONGITUDE: 109 23 W

[TEMPERATURE DATA]      [PRECIPITATION DATA]       SYMBOLS USED IN COLUMN 16

AVERAGE MONTHLY: 54.8   TOTAL FOR MONTH:   0.22    1 = FOG OR MIST
DPTR FM NORMAL:   3.0   DPTR FM NORMAL:   -0.16    2 = FOG REDUCING VISIBILITY
HIGHEST:    83 ON  7    GRTST 24HR  0.22 ON 20-20      TO 1/4 MILE OR LESS
LOWEST:     23 ON 18                               3 = THUNDER
                        SNOW, ICE PELLETS, HAIL    4 = ICE PELLETS
                        TOTAL MONTH: 999.0 INCHES  5 = HAIL
                        GRTST 24HR 999.0 ON  4- 4  6 = FREEZING RAIN OR DRIZZLE
                        GRTST DEPTH:   0           7 = DUSTSTORM OR SANDSTORM:
                                                       VSBY 1/2 MILE OR LESS
                                                   8 = SMOKE OR HAZE
[NO. OF DAYS WITH]      [WEATHER - DAYS WITH]      9 = BLOWING SNOW
                                                   X = TORNADO
MAX 32 OR BELOW:   0    0.01 INCH OR MORE:   1
MAX 90 OR ABOVE:   0    0.10 INCH OR MORE:   1
MIN 32 OR BELOW:   6    0.50 INCH OR MORE:   0
MIN  0 OR BELOW:   0    1.00 INCH OR MORE:   0

[HDD (BASE 65) ]
TOTAL THIS MO.   200    CLEAR  (SCALE 0-3)  18
DPTR FM NORMAL   -65    PTCLDY (SCALE 4-7)   2
TOTAL FM JUL 1  4005    CLOUDY (SCALE 8-10)  0
DPTR FM NORMAL  -476

[CDD (BASE 65) ]
TOTAL THIS MO.     2
DPTR FM NORMAL     2    [PRESSURE DATA]
TOTAL FM JAN 1     2    HIGHEST SLP M ON M
DPTR FM NORMAL     2    LOWEST  SLP 29.52 ON 12

[REMARKS]
