000
CXUS55 KTWC 220855
CF6TUS
PRELIMINARY LOCAL CLIMATOLOGICAL DATA (WS FORM: F-6)

                                          STATION:   TUCSON AZ
                                          MONTH:     APRIL
                                          YEAR:      2018
                                          LATITUDE:   32  7 N
                                          LONGITUDE: 110 56 W

  TEMPERATURE IN F:       :PCPN:    SNOW:  WIND      :SUNSHINE: SKY     :PK WND
================================================================================
1   2   3   4   5  6A  6B    7    8   9   10  11  12  13   14  15   16   17  18
                                     12Z  AVG MX 2MIN
DY MAX MIN AVG DEP HDD CDD  WTR  SNW DPTH SPD SPD DIR MIN PSBL S-S WX    SPD DR
================================================================================

 1  87  60  74  11   0   9 0.00  0.0    0  6.4 15 200   M    M   0        24 170
 2  87  53  70   6   0   5 0.00  0.0    0 11.1 22 230   M    M   0        32 250
 3  85  53  69   5   0   4 0.00  0.0    0  6.6 13 310   M    M   0        21 300
 4  89  54  72   8   0   7 0.00  0.0    0  6.3 15 340   M    M   0 8      22 220
 5  89  56  73   9   0   8 0.00  0.0    0  7.2 16 270   M    M   0        22 260
 6  90  60  75  11   0  10 0.00  0.0    0  7.4 18 250   M    M   0        34 250
 7  92  65  79  14   0  14 0.00  0.0    0  6.4 18 290   M    M   0        27 300
 8  89  63  76  11   0  11 0.00  0.0    0  8.1 21 270   M    M   0        30 260
 9  90  59  75  10   0  10 0.00  0.0    0  5.3 13 250   M    M   0        18 240
10  96  57  77  11   0  12 0.00  0.0    0  6.6 17 330   M    M   0        23 340
11  95  60  78  12   0  13 0.00  0.0    0  7.3 18 220   M    M   0        27 230
12  88  63  76  10   0  11 0.00  0.0    0 14.3 29 240   M    M   0        42 210
13  69  51  60  -6   5   0 0.00  0.0    0 11.4 24 320   M    M   0        36 300
14  78  43  61  -5   4   0 0.00  0.0    0  5.4 15 320   M    M   0        22 350
15  91  47  69   2   0   4 0.00  0.0    0  5.6 14 140   M    M   0        18 300
16  90  57  74   7   0   9 0.00  0.0    0 13.0 26 200   M    M   0        33 210
17  77  55  66  -1   0   1 0.00  0.0    0 10.3 21 340   M    M   0        28 330
18  86  46  66  -2   0   1 0.00  0.0    0  5.5 14 320   M    M   0        20 340
19  89  52  71   3   0   6 0.00  0.0    0 13.5 29 240   M    M   0        40 220
20  74  50  62  -6   3   0 0.00  0.0    0  7.4 16 290   M    M   0        25 290
21  84  48  66  -2   0   1 0.00  0.0    0  5.9 14 300   M    M   0        17 310
================================================================================
SM 1815 1152        12 136  0.00     0.0 171.0          M        0
================================================================================
AV 86.4 54.9                               8.1 FASTST   M    M   0    MAX(MPH)
                                 MISC ---->  # 29 240               # 42  210
================================================================================
NOTES:
# LAST OF SEVERAL OCCURRENCES

COLUMN 17 PEAK WIND IN M.P.H.

PRELIMINARY LOCAL CLIMATOLOGICAL DATA (WS FORM: F-6) , PAGE 2

                                          STATION:  TUCSON AZ
                                          MONTH:    APRIL
                                          YEAR:     2018
                                          LATITUDE:   32  7 N
                                          LONGITUDE: 110 56 W

[TEMPERATURE DATA]      [PRECIPITATION DATA]       SYMBOLS USED IN COLUMN 16

AVERAGE MONTHLY: 70.6   TOTAL FOR MONTH:   0.00    1 = FOG OR MIST
DPTR FM NORMAL:   4.9   DPTR FM NORMAL:   -0.25    2 = FOG REDUCING VISIBILITY
HIGHEST:    96 ON 10    GRTST 24HR  0.00 ON 21-21      TO 1/4 MILE OR LESS
LOWEST:     43 ON 14                               3 = THUNDER
                        SNOW, ICE PELLETS, HAIL    4 = ICE PELLETS
                        TOTAL MONTH:   0.0 INCH    5 = HAIL
                        GRTST 24HR     0.0         6 = FREEZING RAIN OR DRIZZLE
                        GRTST DEPTH:   0           7 = DUSTSTORM OR SANDSTORM:
                                                       VSBY 1/2 MILE OR LESS
                                                   8 = SMOKE OR HAZE
[NO. OF DAYS WITH]      [WEATHER - DAYS WITH]      9 = BLOWING SNOW
                                                   X = TORNADO
MAX 32 OR BELOW:   0    0.01 INCH OR MORE:   0
MAX 90 OR ABOVE:   7    0.10 INCH OR MORE:   0
MIN 32 OR BELOW:   0    0.50 INCH OR MORE:   0
MIN  0 OR BELOW:   0    1.00 INCH OR MORE:   0

[HDD (BASE 65) ]
TOTAL THIS MO.    12    CLEAR  (SCALE 0-3)  21
DPTR FM NORMAL   -39    PTCLDY (SCALE 4-7)   0
TOTAL FM JUL 1   744    CLOUDY (SCALE 8-10)  0
DPTR FM NORMAL  -753

[CDD (BASE 65) ]
TOTAL THIS MO.   136
DPTR FM NORMAL    69    [PRESSURE DATA]
TOTAL FM JAN 1   184    HIGHEST SLP M ON M
DPTR FM NORMAL    84    LOWEST  SLP 29.62 ON  2

[REMARKS]
