000
CXUS53 KEAX 012053
CLADMO
CLIMATE REPORT
NATIONAL WEATHER SERVICE KANSAS CITY/PLEASANT HILL MO
249 PM CST MON JAN 01 2024
...................................
...THE SEDALIA MO CLIMATE SUMMARY FOR THE YEAR OF 2023...
CLIMATE NORMAL PERIOD: 1991 TO 2020
CLIMATE RECORD PERIOD: 9999 TO 9999
WEATHER OBSERVED NORMAL DEPART LAST YEAR`S
VALUE DATE(S) VALUE FROM VALUE
NORMAL
..............................................................
TEMPERATURE (F)
HIGHEST 102 06/30 98 4
LOWEST 9 01/31 10
AVG. MAXIMUM 69.4 64.7 4.7
AVG. MINIMUM 47.8 44.9 2.9
MEAN 58.6 54.8 3.8
DAYS MAX >= 90 52 37.9 14.1
DAYS MAX <= 32 5 22.1 -17.1
DAYS MIN <= 32 67 93.8 -26.8
DAYS MIN <= 0 0 2.0 -2.0
PRECIPITATION (INCHES)
TOTALS 36.29 36.20 0.09
DAILY AVG. 0.10 0.10 0.00
DAYS >= .01 106 102.8 3.2
DAYS >= .10 62 59.9 2.1
DAYS >= .50 22 24.0 -2.0
DAYS >= 1.00 5 9.2 -4.2
GREATEST
24 HR. TOTAL 6.70 07/31 TO 08/01
DEGREE DAYS
HEATING TOTAL 3863 4948 -1085
COOLING TOTAL 1653 1266 387
..............................................................
WIND (MPH)
AVERAGE WIND SPEED 8.6
HIGHEST WIND SPEED/DIRECTION 40/130 DATE 09/23
HIGHEST GUST SPEED/DIRECTION 60/260 DATE 03/31
SKY COVER
POSSIBLE SUNSHINE (PERCENT) MM
AVERAGE SKY COVER 0.29
NUMBER OF DAYS FAIR 238
NUMBER OF DAYS PC 80
NUMBER OF DAYS CLOUDY 47
AVERAGE RH (PERCENT) 65
WEATHER CONDITIONS. NUMBER OF DAYS WITH
THUNDERSTORM 57 MIXED PRECIP 0
HEAVY RAIN 37 RAIN 52
LIGHT RAIN 117 FREEZING RAIN 1
LT FREEZING RAIN 3 HAIL 0
HEAVY SNOW 0 SNOW 1
LIGHT SNOW 16 SLEET 0
FOG 122 FOG W/VIS <= 1/4 MILE 14
HAZE 66
- INDICATES NEGATIVE NUMBERS.
R INDICATES RECORD WAS SET OR TIED.
MM INDICATES DATA IS MISSING.
T INDICATES TRACE AMOUNT.
$$