000
CDUS41 KBTV 250548
CLI1V4


CLIMATE REPORT
NATIONAL WEATHER SERVICE BURLINGTON VT
146 AM EDT WED APR 25 2018


...................................

...THE ST. JOHNSBURY VT CLIMATE SUMMARY FOR APRIL 24 2018...

CLIMATE NORMAL PERIOD 1981 TO 2010
CLIMATE RECORD PERIOD 1894 TO 2018


WEATHER ITEM   OBSERVED TIME   RECORD YEAR NORMAL DEPARTURE LAST
                VALUE   (LST)  VALUE       VALUE  FROM      YEAR
                                                  NORMAL
..................................................................
TEMPERATURE (F)
 YESTERDAY
  MAXIMUM         73        MM  81    2001  61     12       63
                                      1942
  MINIMUM         29        MM  21    1930  36     -7       34
  AVERAGE         51                        48      3       49

PRECIPITATION (IN)
  YESTERDAY        0.00          1.29 1974   0.10  -0.10     0.00
  MONTH TO DATE    2.80                      2.26   0.54     2.69
  SINCE MAR 1      4.71                      4.77  -0.06     6.14
  SINCE JAN 1     10.29                      9.45   0.84    11.88

DEGREE DAYS
 HEATING
  YESTERDAY       14                        17     -3       16
  MONTH TO DATE  703                       526    177      486
  SINCE MAR 1   1782                      1602    180     1732
  SINCE JUL 1   7299                      7326    -27     6745

 COOLING
  YESTERDAY        0                         0      0        0
  MONTH TO DATE    0                         0      0        0
  SINCE MAR 1      0                         0      0        0
  SINCE JAN 1      0                         0      0        0
..................................................................


WIND (MPH)
  HIGHEST WIND SPEED    MM   HIGHEST WIND DIRECTION    MM
  HIGHEST GUST SPEED    MM   HIGHEST GUST DIRECTION    MM
  AVERAGE WIND SPEED    MM


SKY COVER
  AVERAGE SKY COVER 0.0


WEATHER CONDITIONS
 THE FOLLOWING WEATHER WAS RECORDED YESTERDAY.
  NO SIGNIFICANT WEATHER WAS OBSERVED.


RELATIVE HUMIDITY (PERCENT)
 HIGHEST    85           200 AM
 LOWEST     15          1200 PM
 AVERAGE    50

..........................................................


THE ST. JOHNSBURY VT CLIMATE NORMALS FOR TODAY
                         NORMAL    RECORD    YEAR
 MAXIMUM TEMPERATURE (F)   61        87      2009
 MINIMUM TEMPERATURE (F)   36        17      1965


SUNRISE AND SUNSET
APRIL 25 2018.........SUNRISE   548 AM EDT   SUNSET   745 PM EDT
APRIL 26 2018.........SUNRISE   546 AM EDT   SUNSET   746 PM EDT


-  INDICATES NEGATIVE NUMBERS.
R  INDICATES RECORD WAS SET OR TIED.
MM INDICATES DATA IS MISSING.
T  INDICATES TRACE AMOUNT.




$$
