000
CDUS41 KPHI 260553
CLIABE


CLIMATE REPORT
NATIONAL WEATHER SERVICE MOUNT HOLLY NJ
152 AM EDT SAT MAY 26 2018


...................................

...THE ALLENTOWN PA CLIMATE SUMMARY FOR MAY 25 2018...

CLIMATE NORMAL PERIOD 1981 TO 2010
CLIMATE RECORD PERIOD 1922 TO 2018


WEATHER ITEM   OBSERVED TIME   RECORD YEAR NORMAL DEPARTURE LAST
                VALUE   (LST)  VALUE       VALUE  FROM      YEAR
                                                  NORMAL
..................................................................
TEMPERATURE (F)
 YESTERDAY
  MAXIMUM         86    435 PM  90    1991  74     12       64
  MINIMUM         54    519 AM  33    1956  51      3       56
  AVERAGE         70                        63      7       60

PRECIPITATION (IN)
  YESTERDAY        0.00          2.20 1952   0.14  -0.14     0.66
  MONTH TO DATE    4.84                      3.28   1.56     3.77
  SINCE MAR 1     11.76                     10.23   1.53    11.65
  SINCE JAN 1     20.43                     15.96   4.47    16.74

SNOWFALL (IN)
  YESTERDAY        0.0           0.0    MM   0.0    0.0      0.0
  MONTH TO DATE    0.0                       0.0    0.0      0.0
  SINCE MAR 1     24.6                       5.9   18.7     18.3
  SINCE JUL 1     49.9                      32.9   17.0     28.3
  SNOW DEPTH       0

DEGREE DAYS
 HEATING
  YESTERDAY        0                         4     -4        5
  MONTH TO DATE   58                       177   -119      182
  SINCE MAR 1   1432                      1438     -6     1275
  SINCE JUL 1   5255                      5747   -492     4777

 COOLING
  YESTERDAY        5                         2      3        0
  MONTH TO DATE   53                        24     29       35
  SINCE MAR 1     57                        29     28       54
  SINCE JAN 1     57                        29     28       54
..................................................................


WIND (MPH)
  HIGHEST WIND SPEED    21   HIGHEST WIND DIRECTION    SW (240)
  HIGHEST GUST SPEED    27   HIGHEST GUST DIRECTION    SW (240)
  AVERAGE WIND SPEED     7.1


SKY COVER
  POSSIBLE SUNSHINE  MM
  AVERAGE SKY COVER 0.0


WEATHER CONDITIONS
 THE FOLLOWING WEATHER WAS RECORDED YESTERDAY.
  NO SIGNIFICANT WEATHER WAS OBSERVED.


RELATIVE HUMIDITY (PERCENT)
 HIGHEST    86           400 AM
 LOWEST     40           400 PM
 AVERAGE    63

..........................................................


THE ALLENTOWN PA CLIMATE NORMALS FOR TODAY
                         NORMAL    RECORD    YEAR
 MAXIMUM TEMPERATURE (F)   75        92      2010
 MINIMUM TEMPERATURE (F)   52        39      1956


SUNRISE AND SUNSET
MAY 26 2018...........SUNRISE   536 AM EDT   SUNSET   822 PM EDT
MAY 27 2018...........SUNRISE   536 AM EDT   SUNSET   823 PM EDT


-  INDICATES NEGATIVE NUMBERS.
R  INDICATES RECORD WAS SET OR TIED.
MM INDICATES DATA IS MISSING.
T  INDICATES TRACE AMOUNT.




$$
