000
CDUS41 KPHI 260553
CLIACY


CLIMATE REPORT
NATIONAL WEATHER SERVICE MOUNT HOLLY NJ
152 AM EDT SAT MAY 26 2018


...................................

...THE ATLANTIC CITY NJ CLIMATE SUMMARY FOR MAY 25 2018...

CLIMATE NORMAL PERIOD 1981 TO 2010
CLIMATE RECORD PERIOD 1874 TO 2018


WEATHER ITEM   OBSERVED TIME   RECORD YEAR NORMAL DEPARTURE LAST
                VALUE   (LST)  VALUE       VALUE  FROM      YEAR
                                                  NORMAL
..................................................................
TEMPERATURE (F)
 YESTERDAY
  MAXIMUM         86    357 PM  94    1991  74     12       74
  MINIMUM         55    429 AM  38    1963  54      1       55
  AVERAGE         71                        64      7       65

PRECIPITATION (IN)
  YESTERDAY        0.00          1.26 1900   0.12  -0.12     0.71
  MONTH TO DATE    5.53                      2.66   2.87     6.93
  SINCE MAR 1     14.68                     10.50   4.18    15.52
  SINCE JAN 1     24.40                     16.59   7.81    21.07

SNOWFALL (IN)
  YESTERDAY        0.0           0.0    MM   0.0    0.0      0.0
  MONTH TO DATE    0.0                       0.0    0.0      0.0
  SINCE MAR 1      9.6                       1.4    8.2      0.2
  SINCE JUL 1     34.1                      16.5   17.6      7.7
  SNOW DEPTH       0

DEGREE DAYS
 HEATING
  YESTERDAY        0                         4     -4        0
  MONTH TO DATE   52                       157   -105      144
  SINCE MAR 1   1267                      1270     -3     1112
  SINCE JUL 1   4505                      4861   -356     4108

 COOLING
  YESTERDAY        6                         3      3        0
  MONTH TO DATE   92                        37     55       46
  SINCE MAR 1     98                        46     52       78
  SINCE JAN 1     98                        46     52       78
..................................................................


WIND (MPH)
  HIGHEST WIND SPEED    18   HIGHEST WIND DIRECTION    SW (220)
  HIGHEST GUST SPEED    27   HIGHEST GUST DIRECTION    SW (220)
  AVERAGE WIND SPEED     8.6


SKY COVER
  POSSIBLE SUNSHINE  MM
  AVERAGE SKY COVER 0.0


WEATHER CONDITIONS
 THE FOLLOWING WEATHER WAS RECORDED YESTERDAY.
  NO SIGNIFICANT WEATHER WAS OBSERVED.


RELATIVE HUMIDITY (PERCENT)
 HIGHEST    93           400 AM
 LOWEST     37          1100 AM
 AVERAGE    65

..........................................................


THE ATLANTIC CITY NJ CLIMATE NORMALS FOR TODAY
                         NORMAL    RECORD    YEAR
 MAXIMUM TEMPERATURE (F)   74        93      1965
 MINIMUM TEMPERATURE (F)   54        40      1992
                                             1988


SUNRISE AND SUNSET
MAY 26 2018...........SUNRISE   536 AM EDT   SUNSET   815 PM EDT
MAY 27 2018...........SUNRISE   536 AM EDT   SUNSET   816 PM EDT


-  INDICATES NEGATIVE NUMBERS.
R  INDICATES RECORD WAS SET OR TIED.
MM INDICATES DATA IS MISSING.
T  INDICATES TRACE AMOUNT.




$$
