980
CDUS42 KCAE 222121
CLIAGS


CLIMATE REPORT
NATIONAL WEATHER SERVICE COLUMBIA SC
520 PM EDT SUN APR 22 2018


...................................

...THE AUGUSTA BUSH FIELD GA CLIMATE SUMMARY FOR APRIL 22 2018...
VALID TODAY AS OF 0500 PM LOCAL TIME.

CLIMATE NORMAL PERIOD 1981 TO 2010
CLIMATE RECORD PERIOD 1873 TO 2018


WEATHER ITEM   OBSERVED TIME   RECORD YEAR NORMAL DEPARTURE LAST
                VALUE   (LST)  VALUE       VALUE  FROM      YEAR
                                                  NORMAL
..................................................................
TEMPERATURE (F)
 TODAY
  MAXIMUM         73   1022 AM  90    2017  79     -6       90
                                      1985
                                      1970
  MINIMUM         53    614 AM  33    1978  50      3       60
  AVERAGE         63                        64     -1       75

PRECIPITATION (IN)
  TODAY            0.02          1.47 1907   0.09  -0.07     0.00
  MONTH TO DATE    1.54                      2.18  -0.64     1.33
  SINCE MAR 1      4.75                      6.36  -1.61     3.10
  SINCE JAN 1      8.41                     14.19  -5.78    15.34

SNOWFALL (IN)
  TODAY            0.0          MM      MM   0.0             0.0
  MONTH TO DATE    0.0                       0.0             0.0
  SINCE MAR 1      0.0                       0.0             0.0
  SINCE JUL 1      T                         0.9              T

DEGREE DAYS
 HEATING
  TODAY            2                         3     -1        0
  MONTH TO DATE  119                       104     15       29
  SINCE MAR 1    453                       400     53      267
  SINCE JUL 1   2140                      2432   -292     1402

 COOLING
  TODAY            0                         2     -2       10
  MONTH TO DATE   13                        32    -19       98
  SINCE MAR 1     27                        47    -20      151
  SINCE JAN 1     78                        50     28      181
..................................................................


WIND (MPH)
  HIGHEST WIND SPEED    16   HIGHEST WIND DIRECTION    SE (130)
  HIGHEST GUST SPEED    25   HIGHEST GUST DIRECTION    NE (60)
  AVERAGE WIND SPEED     5.5


SKY COVER
  AVERAGE SKY COVER 0.9


WEATHER CONDITIONS
 THE FOLLOWING WEATHER WAS RECORDED TODAY.
  LIGHT RAIN


RELATIVE HUMIDITY (PERCENT)
 HIGHEST    86           600 AM
 LOWEST     53          1100 AM
 AVERAGE    70

..........................................................


THE AUGUSTA BUSH FIELD GA CLIMATE NORMALS FOR TOMORROW
                         NORMAL    RECORD    YEAR
 MAXIMUM TEMPERATURE (F)   79        93      1980
 MINIMUM TEMPERATURE (F)   50        30      1986


SUNRISE AND SUNSET
APRIL 22 2018.........SUNRISE   649 AM EDT   SUNSET   804 PM EDT
APRIL 23 2018.........SUNRISE   648 AM EDT   SUNSET   805 PM EDT


-  INDICATES NEGATIVE NUMBERS.
R  INDICATES RECORD WAS SET OR TIED.
MM INDICATES DATA IS MISSING.
T  INDICATES TRACE AMOUNT.




$$
