000
CDUS42 KFFC 220041
CLIAHN


CLIMATE REPORT
NATIONAL WEATHER SERVICE PEACHTREE CITY GA
838 PM EDT SAT APR 21 2018


...................................

...THE ATHENS CLIMATE SUMMARY FOR APRIL 21 2018...
VALID AS OF 0800 PM LOCAL TIME.

CLIMATE NORMAL PERIOD 1981 TO 2010
CLIMATE RECORD PERIOD 1898 TO 2018


WEATHER ITEM   OBSERVED TIME   RECORD YEAR NORMAL DEPARTURE LAST
                VALUE   (LST)  VALUE       VALUE  FROM      YEAR
                                                  NORMAL
..................................................................
TEMPERATURE (F)
 TODAY
  MAXIMUM         73    427 PM  88    2017  75     -2       88
                                      2002
                                      1985
  MINIMUM         37    600 AM  31    1953  51    -14       60
  AVERAGE         55                        63     -8       74

PRECIPITATION (IN)
  TODAY            0.00          1.86 1900   0.11  -0.11     0.00
  MONTH TO DATE    2.63                      2.23   0.40     4.31
  SINCE MAR 1      5.81                      6.66  -0.85     8.62
  SINCE JAN 1     16.22                     15.19   1.03    16.32

SNOWFALL (IN)
  TODAY            0.0           0.0  2002   0.0    0.0      0.0
                                      2001
                                      2000
  MONTH TO DATE    0.0                       0.1   -0.1      0.0
  SINCE MAR 1      0.0                       0.9   -0.9      0.0
  SINCE JUL 1      1.1                       3.0   -1.9      0.0
  SNOW DEPTH       0

DEGREE DAYS
 HEATING
  TODAY           10                         4      6        0
  MONTH TO DATE  157                       119     38       47
  SINCE MAR 1    540                       459     81      328
  SINCE JUL 1   2546                      2714   -168     1852

 COOLING
  TODAY            0                         2     -2        9
  MONTH TO DATE   11                        26    -15       70
  SINCE MAR 1     14                        36    -22      108
  SINCE JAN 1     48                        37     11      117
..................................................................


WIND (MPH)
  HIGHEST WIND SPEED    16   HIGHEST WIND DIRECTION     E (70)
  HIGHEST GUST SPEED    23   HIGHEST GUST DIRECTION     E (80)
  AVERAGE WIND SPEED     5.9


SKY COVER
  AVERAGE SKY COVER 0.1


WEATHER CONDITIONS
 THE FOLLOWING WEATHER WAS RECORDED TODAY.
  NO SIGNIFICANT WEATHER WAS OBSERVED.


RELATIVE HUMIDITY (PERCENT)
 HIGHEST    92           500 AM
 LOWEST     29           200 PM

..........................................................


THE ATHENS CLIMATE NORMALS FOR TOMORROW
                         NORMAL    RECORD    YEAR
 MAXIMUM TEMPERATURE (F)   76        87      1987
 MINIMUM TEMPERATURE (F)   51        34      1978


SUNRISE AND SUNSET
APRIL 21 2018.........SUNRISE   655 AM EDT   SUNSET   809 PM EDT
APRIL 22 2018.........SUNRISE   654 AM EDT   SUNSET   810 PM EDT


-  INDICATES NEGATIVE NUMBERS.
R  INDICATES RECORD WAS SET OR TIED.
MM INDICATES DATA IS MISSING.
T  INDICATES TRACE AMOUNT.




$$
