000
CDUS44 KBMX 230825
CLIANB


CLIMATE REPORT
NATIONAL WEATHER SERVICE BIRMINGHAM, AL
324 AM CDT MON APR 23 2018


...................................

...THE ANNISTON CLIMATE SUMMARY FOR APRIL 22 2018...

CLIMATE NORMAL PERIOD 1981 TO 2010
CLIMATE RECORD PERIOD 1903 TO 2018


WEATHER ITEM   OBSERVED TIME   RECORD YEAR NORMAL DEPARTURE LAST
                VALUE   (LST)  VALUE       VALUE  FROM      YEAR
                                                  NORMAL
..................................................................
TEMPERATURE (F)
 YESTERDAY
  MAXIMUM         64   1200 AM  88    1987  76    -12       83
  MINIMUM         60    427 AM  34    1993  51      9       57
  AVERAGE         62                        63     -1       70

PRECIPITATION (IN)
  YESTERDAY        0.66          0.97 1997   0.13   0.53     0.04
  MONTH TO DATE    2.99                      3.03  -0.04     4.53
  SINCE MAR 1      7.57                      7.99  -0.42     8.78
  SINCE JAN 1     17.42                     17.59  -0.17    19.30

SNOWFALL (IN)
  YESTERDAY        0.0                       0.0             0.0
  MONTH TO DATE    0.0                       0.2             0.0
  SINCE MAR 1      0.0                       0.9             0.0
  SINCE JUL 1      0.0                       2.0             0.0

DEGREE DAYS
 HEATING
  YESTERDAY        3
  MONTH TO DATE  165
  SINCE MAR 1    536
  SINCE JUL 1   2578
..................................................................


WIND (MPH)
  HIGHEST WIND SPEED    18   HIGHEST WIND DIRECTION     E (110)
  HIGHEST GUST SPEED    29   HIGHEST GUST DIRECTION     E (80)
  AVERAGE WIND SPEED    10.2


SKY COVER
  AVERAGE SKY COVER 1.0


WEATHER CONDITIONS
 THE FOLLOWING WEATHER WAS RECORDED YESTERDAY.
  RAIN
  LIGHT RAIN
  FOG


RELATIVE HUMIDITY (PERCENT)
 HIGHEST    90
 LOWEST     56
 AVERAGE    73

..........................................................


THE ANNISTON CLIMATE NORMALS FOR TODAY
                         NORMAL    RECORD    YEAR
 MAXIMUM TEMPERATURE (F)   76        92      1980
 MINIMUM TEMPERATURE (F)   52        30      1986


SUNRISE AND SUNSET
APRIL 23 2018.........SUNRISE   603 AM CDT   SUNSET   720 PM CDT
APRIL 24 2018.........SUNRISE   602 AM CDT   SUNSET   721 PM CDT


-  INDICATES NEGATIVE NUMBERS.
R  INDICATES RECORD WAS SET OR TIED.
MM INDICATES DATA IS MISSING.
T  INDICATES TRACE AMOUNT.




$$
