000
CDUS44 KLCH 211245
CLIARA


CLIMATE REPORT
NATIONAL WEATHER SERVICE LAKE CHARLES, LA
745 AM CDT MON MAY 21 2018


...................................

...THE NEW IBERIA CLIMATE SUMMARY FOR MAY 20 2018...

CLIMATE NORMAL PERIOD 1981 TO 2010
CLIMATE RECORD PERIOD 1948 TO 2018


WEATHER ITEM   OBSERVED TIME   RECORD YEAR NORMAL DEPARTURE LAST
                VALUE   (LST)  VALUE       VALUE  FROM      YEAR
                                                  NORMAL
..................................................................
TEMPERATURE (F)
 YESTERDAY
  MAXIMUM         91    101 PM  93    1998  87      4       89
                                      1956
                                      1948
  MINIMUM         71    535 AM  53    2009  68      3       77
                                      2007
                                      2002
  AVERAGE         81                        77      4       83

PRECIPITATION (IN)
  YESTERDAY        0.39          3.83 1955   0.16   0.23      T
  MONTH TO DATE    1.61                      2.51  -0.90     5.94
  SINCE MAR 1      7.47                     10.35  -2.88    11.73
  SINCE JAN 1     16.98                     19.76  -2.78    14.53

SNOWFALL (IN)
  YESTERDAY        0.0           0.0    MM  MM               0.0
  MONTH TO DATE    0.0                      MM               0.0
  SINCE MAR 1      0.0                      MM               0.0
  SINCE JUL 1      2.4                      MM               0.0

DEGREE DAYS
 HEATING
  YESTERDAY        0                         0      0        0
  MONTH TO DATE    0                         0      0        4
  SINCE MAR 1    175                       192    -17       87
  SINCE JUL 1   1358                      1408    -50      716

 COOLING
  YESTERDAY       16                        12      4       18
  MONTH TO DATE  264                       201     63      153
  SINCE MAR 1    422                       390     32      485
  SINCE JAN 1    545                       421    124      620
..................................................................


WIND (MPH)
  RESULTANT WIND SPEED   5   RESULTANT WIND DIRECTION   S (170)
  HIGHEST WIND SPEED    29   HIGHEST WIND DIRECTION    SE (120)
  HIGHEST GUST SPEED    36   HIGHEST GUST DIRECTION    SE (120)
  AVERAGE WIND SPEED     6.1


SKY COVER
  POSSIBLE SUNSHINE  MM
  AVERAGE SKY COVER 0.1


WEATHER CONDITIONS
 THE FOLLOWING WEATHER WAS RECORDED YESTERDAY.
  THUNDERSTORM
  HEAVY RAIN
  LIGHT RAIN
  FOG


RELATIVE HUMIDITY (PERCENT)
 HIGHEST    93          1100 PM
 LOWEST     44          1200 PM
 AVERAGE    69

..........................................................


THE NEW IBERIA CLIMATE NORMALS FOR TODAY
                         NORMAL    RECORD    YEAR
 MAXIMUM TEMPERATURE (F)   87        98      2005
 MINIMUM TEMPERATURE (F)   68        50      1954


SUNRISE AND SUNSET
MAY 21 2018...........SUNRISE   611 AM CDT   SUNSET   758 PM CDT
MAY 22 2018...........SUNRISE   610 AM CDT   SUNSET   758 PM CDT


-  INDICATES NEGATIVE NUMBERS.
R  INDICATES RECORD WAS SET OR TIED.
MM INDICATES DATA IS MISSING.
T  INDICATES TRACE AMOUNT.




$$
