000
CDUS46 KPQR 221141
CLIAST


CLIMATE REPORT
NATIONAL WEATHER SERVICE PORTLAND OREGON
440 AM PDT SUN APR 22 2018


...................................

...THE ASTORIA OR CLIMATE SUMMARY FOR APRIL 21 2018...

CLIMATE NORMAL PERIOD 1981 TO 2010
CLIMATE RECORD PERIOD 1892 TO 2018


WEATHER ITEM   OBSERVED TIME   RECORD YEAR NORMAL DEPARTURE LAST
                VALUE   (LST)  VALUE       VALUE  FROM      YEAR
                                                  NORMAL
..................................................................
TEMPERATURE (F)
 YESTERDAY
  MAXIMUM         56    213 PM  77    1982  57     -1       70
  MINIMUM         40   1159 PM  31    1985  41     -1       38
                                      1975
  AVERAGE         48                        49     -1       54

PRECIPITATION (IN)
  YESTERDAY        0.04          2.00 1921   0.16  -0.12     0.00
  MONTH TO DATE    8.91                      3.88   5.03     5.84
  SINCE OCT 1     62.95                     55.74   7.21    82.04
  SINCE JAN 1     32.16                     28.72   3.44    38.17

DEGREE DAYS
 HEATING
  YESTERDAY       17                        16      1       11
  MONTH TO DATE  346                       352     -6      330
  SINCE MAR 1    966                       930     36      894
  SINCE JUL 1   4124                      4272   -148     3877

 COOLING
  YESTERDAY        0                         0      0        0
  MONTH TO DATE    0                         0      0        0
  SINCE MAR 1      0                         0      0        0
  SINCE JAN 1      0                         0      0        0
..................................................................


WIND (MPH)
  HIGHEST WIND SPEED    22   HIGHEST WIND DIRECTION     S (190)
  HIGHEST GUST SPEED    27   HIGHEST GUST DIRECTION     S (200)
  AVERAGE WIND SPEED     8.1


SKY COVER
  POSSIBLE SUNSHINE  MM
  AVERAGE SKY COVER 0.5


WEATHER CONDITIONS
 THE FOLLOWING WEATHER WAS RECORDED YESTERDAY.
  LIGHT RAIN
  FOG


RELATIVE HUMIDITY (PERCENT)
 HIGHEST    93          1200 AM
 LOWEST     55           100 PM
 AVERAGE    74

..........................................................


THE ASTORIA OR CLIMATE NORMALS FOR TODAY
                         NORMAL    RECORD    YEAR
 MAXIMUM TEMPERATURE (F)   57        75      2005
 MINIMUM TEMPERATURE (F)   42        32      1960


SUNRISE AND SUNSET
APRIL 22 2018.........SUNRISE   617 AM PDT   SUNSET   812 PM PDT
APRIL 23 2018.........SUNRISE   615 AM PDT   SUNSET   814 PM PDT


-  INDICATES NEGATIVE NUMBERS.
R  INDICATES RECORD WAS SET OR TIED.
MM INDICATES DATA IS MISSING.
T  INDICATES TRACE AMOUNT.




$$
