000
CDUS42 KFFC 260818
CLIATL


CLIMATE REPORT
NATIONAL WEATHER SERVICE PEACHTREE CITY GA
417 AM EDT THU APR 26 2018


...................................

...THE ATLANTA CLIMATE SUMMARY FOR APRIL 25 2018...

CLIMATE NORMAL PERIOD 1981 TO 2010
CLIMATE RECORD PERIOD 1878 TO 2018


WEATHER ITEM   OBSERVED TIME   RECORD YEAR NORMAL DEPARTURE LAST
                VALUE   (LST)  VALUE       VALUE  FROM      YEAR
                                                  NORMAL
..................................................................
TEMPERATURE (F)
 YESTERDAY
  MAXIMUM         68    428 PM  88    1989  75     -7       77
                                      1896
  MINIMUM         54    554 AM  32    1910  54      0       56
  AVERAGE         61                        64     -3       67

PRECIPITATION (IN)
  YESTERDAY        0.00          1.73 1982   0.11  -0.11      T
  MONTH TO DATE    6.24                      2.80   3.44     5.74
  SINCE MAR 1     11.10                      7.61   3.49     8.42
  SINCE JAN 1     20.47                     16.48   3.99    18.47

DEGREE DAYS
 HEATING
  YESTERDAY        4                         3      1        0
  MONTH TO DATE  152                       130     22       47
  SINCE MAR 1    504                       472     32      310
  SINCE JUL 1   2448                      2727   -279     1666

 COOLING
  YESTERDAY        0                         3     -3        2
  MONTH TO DATE   19                        39    -20       92
  SINCE MAR 1     23                        51    -28      137
  SINCE JAN 1     50                        52     -2      142
..................................................................


WIND (MPH)
  RESULTANT WIND SPEED  10   RESULTANT WIND DIRECTION  NW (310)
  HIGHEST WIND SPEED    22   HIGHEST WIND DIRECTION     N (340)
  HIGHEST GUST SPEED    26   HIGHEST GUST DIRECTION    NW (330)
  AVERAGE WIND SPEED    10.3


SKY COVER
  AVERAGE SKY COVER 0.6


WEATHER CONDITIONS
 THE FOLLOWING WEATHER WAS RECORDED YESTERDAY.
  NO SIGNIFICANT WEATHER WAS OBSERVED.


RELATIVE HUMIDITY (PERCENT)
 HIGHEST   100           200 AM
 LOWEST     63           300 PM
 AVERAGE    82

..........................................................


THE ATLANTA CLIMATE NORMALS FOR TODAY
                         NORMAL    RECORD    YEAR
 MAXIMUM TEMPERATURE (F)   75        92      1986
 MINIMUM TEMPERATURE (F)   54        36      1910


SUNRISE AND SUNSET
APRIL 26 2018.........SUNRISE   654 AM EDT   SUNSET   817 PM EDT
APRIL 27 2018.........SUNRISE   653 AM EDT   SUNSET   818 PM EDT


-  INDICATES NEGATIVE NUMBERS.
R  INDICATES RECORD WAS SET OR TIED.
MM INDICATES DATA IS MISSING.
T  INDICATES TRACE AMOUNT.




$$
