000
CDUS43 KABR 230659
CLIATY


CLIMATE REPORT
NATIONAL WEATHER SERVICE ABERDEEN SD
159 AM CDT WED MAY 23 2018


...................................

...THE WATERTOWN SD CLIMATE SUMMARY FOR MAY 22 2018...

CLIMATE NORMAL PERIOD 1981 TO 2010
CLIMATE RECORD PERIOD 1898 TO 2018


WEATHER ITEM   OBSERVED TIME   RECORD YEAR NORMAL DEPARTURE LAST
                VALUE   (LST)  VALUE       VALUE  FROM      YEAR
                                                  NORMAL
..................................................................
TEMPERATURE (F)
 YESTERDAY
  MAXIMUM         81    455 PM  92    1964  69     12       62
  MINIMUM         51    147 AM  22    1931  47      4       34
  AVERAGE         66                        58      8       48

PRECIPITATION (IN)
  YESTERDAY        0.00          2.48 1972   0.09  -0.09     0.01
  MONTH TO DATE    1.24                      1.80  -0.56     1.95
  SINCE MAR 1      3.62                      4.93  -1.31     4.02
  SINCE JAN 1      4.47                      6.01  -1.54     4.80

DEGREE DAYS
 HEATING
  YESTERDAY        0                         8     -8       17
  MONTH TO DATE  164                       237    -73      223
  SINCE MAR 1   2244                      1977    267     1930
  SINCE JUL 1   8611                      8388    223     7531

 COOLING
  YESTERDAY        1                         1      0        0
  MONTH TO DATE   10                        11     -1       11
  SINCE MAR 1     10                        13     -3       11
  SINCE JAN 1     10                        13     -3       11
..................................................................


WIND (MPH)
  HIGHEST WIND SPEED    15   HIGHEST WIND DIRECTION     S (170)
  HIGHEST GUST SPEED    21   HIGHEST GUST DIRECTION     S (170)
  AVERAGE WIND SPEED     5.9


SKY COVER
  POSSIBLE SUNSHINE  MM
  AVERAGE SKY COVER 0.3


WEATHER CONDITIONS
 THE FOLLOWING WEATHER WAS RECORDED YESTERDAY.
  FOG
  FOG W/VISIBILITY <= 1/4 MILE


RELATIVE HUMIDITY (PERCENT)
 HIGHEST   100          1200 AM
 LOWEST     36           300 PM
 AVERAGE    68

..........................................................


THE WATERTOWN SD CLIMATE NORMALS FOR TODAY
                         NORMAL    RECORD    YEAR
 MAXIMUM TEMPERATURE (F)   69        92      1950
 MINIMUM TEMPERATURE (F)   47        30      1917


SUNRISE AND SUNSET
MAY 23 2018...........SUNRISE   552 AM CDT   SUNSET   900 PM CDT
MAY 24 2018...........SUNRISE   551 AM CDT   SUNSET   901 PM CDT


-  INDICATES NEGATIVE NUMBERS.
R  INDICATES RECORD WAS SET OR TIED.
MM INDICATES DATA IS MISSING.
T  INDICATES TRACE AMOUNT.




$$
