542
CDUS43 KGRB 212136
CLIAUW


CLIMATE REPORT
NATIONAL WEATHER SERVICE GREEN BAY
435 PM CDT MON MAY 21 2018


...................................

...THE WAUSAU WI CLIMATE SUMMARY FOR MAY 21 2018...
VALID TODAY AS OF 0400 PM LOCAL TIME.

CLIMATE NORMAL PERIOD 1981 TO 2010
CLIMATE RECORD PERIOD 1896 TO 2018


WEATHER ITEM   OBSERVED TIME   RECORD YEAR NORMAL DEPARTURE LAST
                VALUE   (LST)  VALUE       VALUE  FROM      YEAR
                                                  NORMAL
..................................................................
TEMPERATURE (F)
 TODAY
  MAXIMUM         64    959 AM  88    1972  69     -5       55
  MINIMUM         39    517 AM  30    1907  46     -7       45
  AVERAGE         52                        57     -5       50

PRECIPITATION (IN)
  TODAY            0.15          1.60 1970   0.12   0.03     0.06
  MONTH TO DATE    2.08                      2.27  -0.19     3.13
  SINCE MAR 1      6.94                      6.76   0.18    11.10
  SINCE JAN 1      9.41                      8.70   0.71    15.04

SNOWFALL (IN)
  TODAY            0.0           0.1  1917   0.0    0.0      0.0
  MONTH TO DATE    0.0                       0.2   -0.2      0.0
  SINCE MAR 1     46.7                      14.3   32.4      6.7
  SINCE JUL 1     89.2                      59.6   29.6     60.5
  SNOW DEPTH       0

DEGREE DAYS
 HEATING
  TODAY           13                         9      4       15
  MONTH TO DATE  128                       238   -110      272
  SINCE MAR 1   2202                      1954    248     1917
  SINCE JUL 1   8290                      8090    200     7143

 COOLING
  TODAY            0                         1     -1        0
  MONTH TO DATE    4                         4      0        1
  SINCE JAN 1      4                         6     -2        1
..................................................................


WIND (MPH)
  HIGHEST WIND SPEED    18   HIGHEST WIND DIRECTION    SE (140)
  HIGHEST GUST SPEED    25   HIGHEST GUST DIRECTION    SE (140)
  AVERAGE WIND SPEED     5.4


SKY COVER
  POSSIBLE SUNSHINE  MM
  AVERAGE SKY COVER 0.4


WEATHER CONDITIONS
 THE FOLLOWING WEATHER WAS RECORDED TODAY.
  RAIN
  LIGHT RAIN
  FOG


RELATIVE HUMIDITY (PERCENT)
 HIGHEST    93           300 PM
 LOWEST     43           800 AM
 AVERAGE    68

..........................................................


THE WAUSAU WI CLIMATE NORMALS FOR TOMORROW
                         NORMAL    RECORD    YEAR
 MAXIMUM TEMPERATURE (F)   69        88      1925
 MINIMUM TEMPERATURE (F)   46        30      1967
                                             1963


SUNRISE AND SUNSET
MAY 21 2018...........SUNRISE   524 AM CDT   SUNSET   827 PM CDT
MAY 22 2018...........SUNRISE   523 AM CDT   SUNSET   828 PM CDT


-  INDICATES NEGATIVE NUMBERS.
R  INDICATES RECORD WAS SET OR TIED.
MM INDICATES DATA IS MISSING.
T  INDICATES TRACE AMOUNT.




$$
