899
CDUS41 KCTP 262135
CLIBFD


CLIMATE REPORT
NATIONAL WEATHER SERVICE STATE COLLEGE PA
535 PM EDT SAT MAY 26 2018


...................................

...THE BRADFORD CLIMATE SUMMARY FOR MAY 26 2018...
VALID TODAY AS OF 0500 PM LOCAL TIME.

CLIMATE NORMAL PERIOD 1981 TO 2010
CLIMATE RECORD PERIOD 1957 TO 2018


WEATHER ITEM   OBSERVED TIME   RECORD YEAR NORMAL DEPARTURE LAST
                VALUE   (LST)  VALUE       VALUE  FROM      YEAR
                                                  NORMAL
..................................................................
TEMPERATURE (F)
 TODAY
  MAXIMUM         78   1240 PM  85    2012  68     10       60
  MINIMUM         46    421 AM  29    1988  44      2       53
  AVERAGE         62                        56      6       57

PRECIPITATION (IN)
  TODAY            T             0.71 1994   0.13  -0.13     0.14
  MONTH TO DATE    4.18                      3.46   0.72     4.86
  SINCE MAR 1      9.73                     10.38  -0.65    13.41
  SINCE JAN 1     16.74                     16.02   0.72    20.49

DEGREE DAYS
 HEATING
  TODAY            3                         6     -3        8
  MONTH TO DATE  132                       218    -86      333
  SINCE MAR 1   2061                      1899    162     1818
  SINCE JUL 1   7157                      7469   -312     6401

 COOLING
  TODAY            0                         0      0        0
  MONTH TO DATE   20                         0     20       18
  SINCE MAR 1     20                         2     18       19
  SINCE JAN 1     20                         2     18       19
..................................................................


WIND (MPH)
  HIGHEST WIND SPEED    10   HIGHEST WIND DIRECTION    NW (300)
  HIGHEST GUST SPEED    16   HIGHEST GUST DIRECTION     W (280)
  AVERAGE WIND SPEED     4.1


SKY COVER
  POSSIBLE SUNSHINE  MM
  AVERAGE SKY COVER 0.2


WEATHER CONDITIONS
 THE FOLLOWING WEATHER WAS RECORDED TODAY.
  NO SIGNIFICANT WEATHER WAS OBSERVED.


RELATIVE HUMIDITY (PERCENT)
 HIGHEST   100           200 AM
 LOWEST     36           200 PM
 AVERAGE    68

..........................................................


THE BRADFORD CLIMATE NORMALS FOR TOMORROW
                         NORMAL    RECORD    YEAR
 MAXIMUM TEMPERATURE (F)   69        84      2010
 MINIMUM TEMPERATURE (F)   44        26      1983


SUNRISE AND SUNSET
MAY 26 2018...........SUNRISE   546 AM EDT   SUNSET   838 PM EDT
MAY 27 2018...........SUNRISE   545 AM EDT   SUNSET   839 PM EDT


-  INDICATES NEGATIVE NUMBERS.
R  INDICATES RECORD WAS SET OR TIED.
MM INDICATES DATA IS MISSING.
T  INDICATES TRACE AMOUNT.




$$
