000
CDUS46 KHNX 190826
CLIBFL


CLIMATE REPORT
NATIONAL WEATHER SERVICE SAN JOAQUIN VALLEY, CA
126 AM PDT THU APR 19 2018


...................................

...THE BAKERSFIELD CLIMATE SUMMARY FOR APRIL 18 2018...

CLIMATE NORMAL PERIOD 1981 TO 2010
CLIMATE RECORD PERIOD 1889 TO 2018


WEATHER ITEM   OBSERVED TIME   RECORD YEAR NORMAL DEPARTURE
                VALUE   (LST)  VALUE       VALUE  FROM
                                                  NORMAL
...............................................................
TEMPERATURE (F)
 YESTERDAY
  MAXIMUM         73    452 PM  98    1910  76     -3
  MINIMUM         45    519 AM  35    1922  51     -6
  AVERAGE         59                        63     -4

PRECIPITATION (IN)
  YESTERDAY        0.00          0.52 1967   0.01  -0.01
  MONTH TO DATE    0.20                      0.36  -0.16
  SINCE OCT 1      3.93                      5.93  -2.00
  SINCE JAN 1      3.86                      3.97  -0.11

SNOWFALL (IN)
  YESTERDAY        0.0
  MONTH TO DATE    0.0
  SINCE MAR 1      0.0
  SINCE JUL 1      0.0
  SNOW DEPTH       0

DEGREE DAYS
 HEATING
  YESTERDAY        6                                2
  MONTH TO DATE   43                              -52
  SINCE MAR 1    244                              -90
  SINCE JUL 1   1522                             -586

 COOLING
  YESTERDAY        0                               -2
  MONTH TO DATE   46                               21
  SINCE MAR 1     62                               28
  SINCE JAN 1     62                               28
...............................................................


WIND (MPH)
  HIGHEST WIND SPEED    23   HIGHEST WIND DIRECTION    NW (320)
  HIGHEST GUST SPEED    27   HIGHEST GUST DIRECTION    NW (320)
  AVERAGE WIND SPEED     6.8




RELATIVE HUMIDITY (PERCENT)
 HIGHEST    71
 LOWEST     27
 AVERAGE    49

..........................................................


THE BAKERSFIELD CLIMATE NORMALS FOR TODAY
                         NORMAL    RECORD    YEAR
 MAXIMUM TEMPERATURE (F)   76        98      1910
 MINIMUM TEMPERATURE (F)   51        38      1996
                                             1968
                                             1955


SUNRISE AND SUNSET
APRIL 19 2018.........SUNRISE   619 AM PDT   SUNSET   733 PM PDT
APRIL 20 2018.........SUNRISE   617 AM PDT   SUNSET   733 PM PDT


-  INDICATES NEGATIVE NUMBERS.
R  INDICATES RECORD WAS SET OR TIED.
MM INDICATES DATA IS MISSING.
T  INDICATES TRACE AMOUNT.




$$
