855
CDUS41 KCAR 252026
CLIBGR


CLIMATE REPORT
NATIONAL WEATHER SERVICE CARIBOU, ME
426 PM EDT FRI MAY 25 2018


...................................

...THE BANGOR ME CLIMATE SUMMARY FOR MAY 25 2018...
VALID TODAY AS OF 0400 PM LOCAL TIME.

CLIMATE NORMAL PERIOD 1981 TO 2010
CLIMATE RECORD PERIOD 1925 TO 2018


WEATHER ITEM   OBSERVED TIME   RECORD YEAR NORMAL DEPARTURE LAST
                VALUE   (LST)  VALUE       VALUE  FROM      YEAR
                                                  NORMAL
..................................................................
TEMPERATURE (F)
 TODAY
  MAXIMUM         86    259 PM  92    2010  68     18       64
                                      2007
  MINIMUM         50    206 AM  31    1956  45      5       45
  AVERAGE         68                        57     11       55

PRECIPITATION (IN)
  TODAY            0.00          1.02 1949   0.13  -0.13     0.09
  MONTH TO DATE    2.34                      2.90  -0.56     5.10
  SINCE MAR 1      9.29                      9.90  -0.61    11.15
  SINCE JAN 1     17.81                     15.31   2.50    17.04

SNOWFALL (IN)
  TODAY            0.0           0.0  2002   0.0    0.0      0.0
                                      2001
  MONTH TO DATE    0.0                       0.1   -0.1      0.0
  SINCE MAR 1     35.3                      15.5   19.8     19.3
  SINCE JUL 1    111.3                      66.2   45.1     82.6
  SNOW DEPTH       0

DEGREE DAYS
 HEATING
  TODAY            0                         9     -9       10
  MONTH TO DATE  219                       310    -91      311
  SINCE MAR 1   1976                      2062    -86     2095
  SINCE JUL 1   7194                      7708   -514     7223

 COOLING
  TODAY            3                         0      3        0
  MONTH TO DATE    6                         0      6        7
  SINCE MAR 1      6                         0      6        7
  SINCE JAN 1      6                         0      6        7
..................................................................


WIND (MPH)
  HIGHEST WIND SPEED    21   HIGHEST WIND DIRECTION     W (250)
  HIGHEST GUST SPEED    32   HIGHEST GUST DIRECTION    SW (240)
  AVERAGE WIND SPEED    10.9


SKY COVER
  POSSIBLE SUNSHINE  MM
  AVERAGE SKY COVER 0.4


WEATHER CONDITIONS
 THE FOLLOWING WEATHER WAS RECORDED TODAY.
  NO SIGNIFICANT WEATHER WAS OBSERVED.


RELATIVE HUMIDITY (PERCENT)
 HIGHEST    93           200 AM
 LOWEST     30           300 PM
 AVERAGE    62

..........................................................


THE BANGOR ME CLIMATE NORMALS FOR TOMORROW
                         NORMAL    RECORD    YEAR
 MAXIMUM TEMPERATURE (F)   68        88      2010
                                             1933
 MINIMUM TEMPERATURE (F)   46        32      2009


SUNRISE AND SUNSET
MAY 25 2018...........SUNRISE   457 AM EDT   SUNSET   808 PM EDT
MAY 26 2018...........SUNRISE   457 AM EDT   SUNSET   809 PM EDT


-  INDICATES NEGATIVE NUMBERS.
R  INDICATES RECORD WAS SET OR TIED.
MM INDICATES DATA IS MISSING.
T  INDICATES TRACE AMOUNT.




$$
