000
CDUS45 KVEF 210826
CLIBIH


CLIMATE REPORT
NATIONAL WEATHER SERVICE LAS VEGAS, NV
126 AM PDT SAT APR 21 2018


...................................

...THE BISHOP CA CLIMATE SUMMARY FOR APRIL 20 2018...

CLIMATE NORMAL PERIOD 1981 TO 2010
CLIMATE RECORD PERIOD 1943 TO 2018


WEATHER ITEM   OBSERVED TIME   RECORD YEAR NORMAL DEPARTURE LAST
                VALUE   (LST)  VALUE       VALUE  FROM      YEAR
                                                  NORMAL
..................................................................
TEMPERATURE (F)
 YESTERDAY
  MAXIMUM         77    339 PM  91    1950  74      3       76
  MINIMUM         42    406 AM  22    1967  37      5       37
                                      1966
  AVERAGE         60                        56      4       57

PRECIPITATION (IN)
  YESTERDAY        0.00          0.17 1990   0.01  -0.01     0.00
  MONTH TO DATE    0.31                      0.20   0.11     0.92
  SINCE OCT 1      1.13                      4.25  -3.12     8.81
  SINCE JAN 1      0.97                      2.63  -1.66     8.45

SNOWFALL (IN)
  YESTERDAY        0.0          MM      MM   0.0    0.0      0.0
  MONTH TO DATE    0.0                       0.1   -0.1      0.0
  SINCE MAR 1      0.0                       0.6   -0.6       T
  SINCE JUL 1      0.2                       8.0   -7.8      8.6
  SNOW DEPTH       0

DEGREE DAYS
 HEATING
  YESTERDAY        5                        10     -5        8
  MONTH TO DATE  154                       238    -84      219
  SINCE MAR 1    706                       754    -48      628
  SINCE JUL 1   3535                      3961   -426     3628

 COOLING
  YESTERDAY        0                         0      0        0
  MONTH TO DATE    3                         0      3        0
  SINCE MAR 1      3                         0      3        0
  SINCE JAN 1      3                         0      3        0
..................................................................


WIND (MPH)
  RESULTANT WIND SPEED  11   RESULTANT WIND DIRECTION   N (360)
  HIGHEST WIND SPEED    26   HIGHEST WIND DIRECTION     N (20)
  HIGHEST GUST SPEED    35   HIGHEST GUST DIRECTION     N (10)
  AVERAGE WIND SPEED    11.3


SKY COVER
  POSSIBLE SUNSHINE  MM
  AVERAGE SKY COVER 0.1


WEATHER CONDITIONS
 THE FOLLOWING WEATHER WAS RECORDED YESTERDAY.
  NO SIGNIFICANT WEATHER WAS OBSERVED.


RELATIVE HUMIDITY (PERCENT)
 HIGHEST    62           400 AM
 LOWEST      4           300 PM
 AVERAGE    33

..........................................................


THE BISHOP CA CLIMATE NORMALS FOR TODAY
                         NORMAL    RECORD    YEAR
 MAXIMUM TEMPERATURE (F)   74        92      1950
 MINIMUM TEMPERATURE (F)   38        20      2008


SUNRISE AND SUNSET
APRIL 21 2018.........SUNRISE   611 AM PDT   SUNSET   734 PM PDT
APRIL 22 2018.........SUNRISE   609 AM PDT   SUNSET   735 PM PDT


-  INDICATES NEGATIVE NUMBERS.
R  INDICATES RECORD WAS SET OR TIED.
MM INDICATES DATA IS MISSING.
T  INDICATES TRACE AMOUNT.




$$
