000
CDUS43 KIND 280533
CLIBMG


CLIMATE REPORT
NATIONAL WEATHER SERVICE INDIANAPOLIS IN
133 AM EDT MON MAY 28 2018


...................................

...THE BLOOMINGTON IN CLIMATE SUMMARY FOR MAY 27 2018...

CLIMATE NORMAL PERIOD 1981 TO 2010
CLIMATE RECORD PERIOD 9999 TO 9999


WEATHER ITEM   OBSERVED TIME   NORMAL DEPARTURE LAST
                VALUE   (LST)  VALUE  FROM      YEAR
                                      NORMAL
......................................................
TEMPERATURE (F)
 YESTERDAY
  MAXIMUM         91    325 PM  77     14       83
  MINIMUM         69    510 AM  55     14       67
  AVERAGE         80            66     14       75

PRECIPITATION (IN)
  YESTERDAY        0.00          0.15  -0.15     0.00
  MONTH TO DATE    2.45          4.55  -2.10     6.14
  SINCE MAR 1     11.77         13.13  -1.36    16.70
  SINCE JAN 1     19.94         19.20   0.74    21.74

DEGREE DAYS
 HEATING
  YESTERDAY        0             2     -2        0
  MONTH TO DATE   10           129   -119      136
  SINCE MAR 1   1275          1175    100      930
  SINCE JUL 1   5128          5243   -115     4117

 COOLING
  YESTERDAY       15             3     12       10
  MONTH TO DATE  190            50    140       70
  SINCE MAR 1    197            69    128      115
  SINCE JAN 1    203            69    134      115
......................................................


WIND (MPH)
  HIGHEST WIND SPEED    15   HIGHEST WIND DIRECTION    SE (130)
  HIGHEST GUST SPEED    18   HIGHEST GUST DIRECTION    SE (130)
  AVERAGE WIND SPEED     3.4


SKY COVER
  AVERAGE SKY COVER 0.2


WEATHER CONDITIONS
 THE FOLLOWING WEATHER WAS RECORDED YESTERDAY.
  THUNDERSTORM


RELATIVE HUMIDITY (PERCENT)
 HIGHEST    97           400 AM
 LOWEST     52           100 PM
 AVERAGE    75

..........................................................


THE BLOOMINGTON IN CLIMATE NORMALS FOR TODAY
                         NORMAL
 MAXIMUM TEMPERATURE (F)   78
 MINIMUM TEMPERATURE (F)   55


SUNRISE AND SUNSET
MAY 28 2018...........SUNRISE   624 AM EDT   SUNSET   904 PM EDT
MAY 29 2018...........SUNRISE   624 AM EDT   SUNSET   905 PM EDT


-  INDICATES NEGATIVE NUMBERS.
R  INDICATES RECORD WAS SET OR TIED.
MM INDICATES DATA IS MISSING.
T  INDICATES TRACE AMOUNT.




$$
