000
CDUS44 KOHX 210622
CLIBNA

CLIMATE REPORT
NATIONAL WEATHER SERVICE NASHVILLE TN
121 AM CDT SAT APR 21 2018

...THE NASHVILLE CLIMATE SUMMARY FOR APRIL 20 2018...

CLIMATE NORMAL PERIOD 1981 TO 2010
CLIMATE RECORD PERIOD 1871 TO 2018


WEATHER ITEM   OBSERVED TIME   RECORD YEAR NORMAL DEPARTURE
                VALUE   (LST)  VALUE       VALUE  FROM
                                                  NORMAL
...............................................................
TEMPERATURE (F)
 YESTERDAY
  MAXIMUM         68    410 PM  87    2002  72     -4
                                      1971
                                      1964
  MINIMUM         34    433 AM  26    1983  49    -15
  AVERAGE         51                        60     -9

PRECIPITATION (IN)
  YESTERDAY        0.00          3.45 1920   0.13  -0.13
  MONTH TO DATE    3.02                      2.47   0.55
  SINCE JAN 1     20.39                     14.27   6.12

SNOWFALL (IN)
  YESTERDAY        0.0           0.0  2002
                                      2001
  MONTH TO DATE    0.0
  SINCE MAR 1      0.6
  SINCE JUL 1      3.0

DEGREE DAYS
 HEATING
  YESTERDAY       14                                8
  MONTH TO DATE  243                               73
  SINCE MAR 1    687                               44
  SINCE JUL 1   3334                             -247

 COOLING
  YESTERDAY        0                               -1
  MONTH TO DATE   11                               -9
  SINCE MAR 1     13                              -15
  SINCE JAN 1     34                                6
...............................................................

WIND (MPH)
  HIGHEST WIND SPEED    13   HIGHEST WIND DIRECTION    NE (40)
  HIGHEST GUST SPEED    21   HIGHEST GUST DIRECTION    NE (40)
  AVERAGE WIND SPEED     7.1


RELATIVE HUMIDITY (PERCENT)
 HIGHEST    89
 LOWEST     24

..........................................................

THE NASHVILLE CLIMATE NORMALS FOR TODAY
                         NORMAL    RECORD    YEAR
 MAXIMUM TEMPERATURE (F)   72        89      1963
 MINIMUM TEMPERATURE (F)   49        29      1983


SUNRISE AND SUNSET
APRIL 21 2018.........SUNRISE   606 AM CDT   SUNSET   726 PM CDT
APRIL 22 2018.........SUNRISE   605 AM CDT   SUNSET   726 PM CDT


-  INDICATES NEGATIVE NUMBERS.
R  INDICATES RECORD WAS SET OR TIED.
MM INDICATES DATA IS MISSING.
T  INDICATES TRACE AMOUNT.
$$
31
