000
CDUS45 KBOI 250931
CLIBOI


CLIMATE REPORT
NATIONAL WEATHER SERVICE BOISE ID
331 AM MDT WED APR 25 2018


...................................

...THE BOISE ID CLIMATE SUMMARY FOR APRIL 24 2018...

CLIMATE NORMAL PERIOD 1981 TO 2010
CLIMATE RECORD PERIOD 1875 TO 2018


WEATHER ITEM   OBSERVED TIME   RECORD YEAR NORMAL DEPARTURE LAST
                VALUE   (LST)  VALUE       VALUE  FROM      YEAR
                                                  NORMAL
..................................................................
TEMPERATURE (F)
 YESTERDAY
  MAXIMUM         69    601 PM  91    1977  65      4       54
                                      1910
  MINIMUM         42    631 AM  22    1950  41      1       44
  AVERAGE         56                        53      3       49

PRECIPITATION (IN)
  YESTERDAY        0.00          0.95 1980   0.04  -0.04     0.29
  MONTH TO DATE    0.98                      0.98   0.00     1.63
  SINCE OCT 1      8.18                      8.25  -0.07    12.17
  SINCE JAN 1      4.79                      4.60   0.19     8.67

SNOWFALL (IN)
  YESTERDAY        0.0           0.3  1984   0.0    0.0      0.0
  MONTH TO DATE    0.2                       0.3   -0.1      0.1
  SINCE OCT 1     20.1                      19.2    0.9     39.1
  SINCE JUL 1     20.1                      19.2    0.9     39.1
  SNOW DEPTH       0

DEGREE DAYS
 HEATING
  YESTERDAY        9                        13     -4       16
  MONTH TO DATE  335                       360    -25      364
  SINCE MAR 1    975                       996    -21      856
  SINCE JUL 1   4976                      5155   -179     5143

 COOLING
  YESTERDAY        0                         0      0        0
  MONTH TO DATE    0                         0      0        0
  SINCE MAR 1      0                         0      0        0
  SINCE JAN 1      0                         0      0        0
..................................................................


WIND (MPH)
  HIGHEST WIND SPEED    18   HIGHEST WIND DIRECTION    SE (140)
  HIGHEST GUST SPEED    26   HIGHEST GUST DIRECTION    SE (140)
  AVERAGE WIND SPEED     8.5


SKY COVER
  POSSIBLE SUNSHINE  MM
  AVERAGE SKY COVER 0.0


WEATHER CONDITIONS
 THE FOLLOWING WEATHER WAS RECORDED YESTERDAY.
  NO SIGNIFICANT WEATHER WAS OBSERVED.


RELATIVE HUMIDITY (PERCENT)
 HIGHEST    70           500 AM
 LOWEST     22           400 PM
 AVERAGE    46

..........................................................


THE BOISE ID CLIMATE NORMALS FOR TODAY
                         NORMAL    RECORD    YEAR
 MAXIMUM TEMPERATURE (F)   65        92      1946
 MINIMUM TEMPERATURE (F)   41        26      1961
                                             1921


SUNRISE AND SUNSET
APRIL 25 2018.........SUNRISE   646 AM MDT   SUNSET   840 PM MDT
APRIL 26 2018.........SUNRISE   645 AM MDT   SUNSET   841 PM MDT


-  INDICATES NEGATIVE NUMBERS.
R  INDICATES RECORD WAS SET OR TIED.
MM INDICATES DATA IS MISSING.
T  INDICATES TRACE AMOUNT.




$$
