000
CDUS43 KDVN 200921
CLIBRL


CLIMATE REPORT
NATIONAL WEATHER SERVICE QUAD CITIES IA IL
419 AM CDT SUN MAY 20 2018


...................................

...THE BURLINGTON IA CLIMATE SUMMARY FOR MAY 19 2018...

CLIMATE NORMAL PERIOD 1981 TO 2010
CLIMATE RECORD PERIOD 1897 TO 2018


WEATHER ITEM   OBSERVED TIME   RECORD YEAR NORMAL DEPARTURE LAST
                VALUE   (LST)  VALUE       VALUE  FROM      YEAR
                                                  NORMAL
..................................................................
TEMPERATURE (F)
 YESTERDAY
  MAXIMUM         79    525 PM  93    1998  75      4       62
  MINIMUM         58    530 AM  38    2002  54      4       47
  AVERAGE         69                        64      5       55

PRECIPITATION (IN)
  YESTERDAY        0.00         MM      MM   0.16  -0.16     0.59
  MONTH TO DATE    1.89                      3.03  -1.14     2.40
  SINCE MAR 1      5.38                      9.58  -4.20    11.37
  SINCE JAN 1      9.47                     12.44  -2.97    13.23

DEGREE DAYS
 HEATING
  YESTERDAY        0                         3     -3       10
  MONTH TO DATE   10                        97    -87       93
  SINCE MAR 1   1444                      1181    263     1071
  SINCE JUL 1   5937                      5559    378     4765

 COOLING
  YESTERDAY        4                         3      1        0
  MONTH TO DATE   81                        35     46       48
  SINCE MAR 1     83                        55     28       68
  SINCE JAN 1     83                        55     28       68
..................................................................


WIND (MPH)
  HIGHEST WIND SPEED    14   HIGHEST WIND DIRECTION     S (200)
  HIGHEST GUST SPEED    18   HIGHEST GUST DIRECTION    SW (220)
  AVERAGE WIND SPEED     4.8


SKY COVER
  POSSIBLE SUNSHINE  MM
  AVERAGE SKY COVER 0.3


WEATHER CONDITIONS
 THE FOLLOWING WEATHER WAS RECORDED YESTERDAY.
  FOG
  FOG W/VISIBILITY <= 1/4 MILE
  HAZE


RELATIVE HUMIDITY (PERCENT)
 HIGHEST    97           300 AM
 LOWEST     58           400 PM
 AVERAGE    78

..........................................................


THE BURLINGTON IA CLIMATE NORMALS FOR TODAY
                         NORMAL    RECORD    YEAR
 MAXIMUM TEMPERATURE (F)   76        94      1987
 MINIMUM TEMPERATURE (F)   54        35      1954


SUNRISE AND SUNSET
MAY 20 2018...........SUNRISE   543 AM CDT   SUNSET   820 PM CDT
MAY 21 2018...........SUNRISE   542 AM CDT   SUNSET   821 PM CDT


-  INDICATES NEGATIVE NUMBERS.
R  INDICATES RECORD WAS SET OR TIED.
MM INDICATES DATA IS MISSING.
T  INDICATES TRACE AMOUNT.




$$
