000
CDUS43 KGRR 270516
CLIBTL


CLIMATE REPORT
NATIONAL WEATHER SERVICE GRAND RAPIDS, MI
116 AM EDT FRI APR 27 2018


...................................

...THE BATTLE CREEK MI CLIMATE SUMMARY FOR APRIL 26 2018...

CLIMATE NORMAL PERIOD 1981 TO 2010
CLIMATE RECORD PERIOD 1998 TO 2018


WEATHER ITEM   OBSERVED TIME   NORMAL DEPARTURE LAST
                VALUE   (LST)  VALUE  FROM      YEAR
                                      NORMAL
......................................................
TEMPERATURE (F)
 YESTERDAY
  MAXIMUM         65    510 PM  64      1       82
  MINIMUM         33    623 AM  40     -7       60
  AVERAGE         49            52     -3       71

PRECIPITATION (IN)
  YESTERDAY        0.00          0.09  -0.09     0.00
  MONTH TO DATE    2.49          2.41   0.08     2.60
  SINCE MAR 1      4.07          4.32  -0.25     6.33
  SINCE JAN 1     10.42          7.32   3.10    11.80

DEGREE DAYS
 HEATING
  YESTERDAY       16            13      3        0
  MONTH TO DATE  654           463    191      314
  SINCE MAR 1   1599          1373    226     1219
  SINCE JUL 1   6260          6338    -78     5122

 COOLING
  YESTERDAY        0             0      0        6
  MONTH TO DATE    0             0      0        9
  SINCE MAR 1      0             0      0        9
  SINCE JAN 1      0             0      0        9
......................................................


WIND (MPH)
  RESULTANT WIND SPEED   2   RESULTANT WIND DIRECTION   W (270)
  HIGHEST WIND SPEED    16   HIGHEST WIND DIRECTION    NW (310)
  HIGHEST GUST SPEED    20   HIGHEST GUST DIRECTION    NW (310)
  AVERAGE WIND SPEED     3.6


SKY COVER
  AVERAGE SKY COVER 0.0


WEATHER CONDITIONS
 THE FOLLOWING WEATHER WAS RECORDED YESTERDAY.
  NO SIGNIFICANT WEATHER WAS OBSERVED.


RELATIVE HUMIDITY (PERCENT)
 HIGHEST    92           700 AM
 LOWEST     24           400 PM
 AVERAGE    58

..........................................................


THE BATTLE CREEK MI CLIMATE NORMALS FOR TODAY
                         NORMAL
 MAXIMUM TEMPERATURE (F)   65
 MINIMUM TEMPERATURE (F)   40


SUNRISE AND SUNSET
APRIL 27 2018.........SUNRISE   642 AM EDT   SUNSET   836 PM EDT
APRIL 28 2018.........SUNRISE   640 AM EDT   SUNSET   837 PM EDT


-  INDICATES NEGATIVE NUMBERS.
R  INDICATES RECORD WAS SET OR TIED.
MM INDICATES DATA IS MISSING.
T  INDICATES TRACE AMOUNT.




$$
