342
CDUS46 KLOX 190914
CLIBUR


CLIMATE REPORT
NATIONAL WEATHER SERVICE LOS ANGELES/OXNARD CA
214 AM PDT THU APR 19 2018


...................................

...THE BOB HOPE AIRPORT (BURBANK) CA CLIMATE SUMMARY FOR APRIL 18 2018...

CLIMATE NORMAL PERIOD 1981 TO 2010
CLIMATE RECORD PERIOD 1939 TO 2018


WEATHER ITEM   OBSERVED TIME   RECORD YEAR NORMAL DEPARTURE LAST
                VALUE   (LST)  VALUE       VALUE  FROM      YEAR
                                                  NORMAL
..................................................................
TEMPERATURE (F)
 YESTERDAY
  MAXIMUM         72   1246 PM  92    1980  74     -2       73
  MINIMUM         50    521 AM  39    1976  50      0       59
  AVERAGE         61                        62     -1       66

PRECIPITATION (IN)
  YESTERDAY        0.00          1.17 1983   0.03  -0.03     0.00
  MONTH TO DATE    0.00                      0.77  -0.77     0.09
  SINCE OCT 1      6.23                     16.19  -9.96    13.70
  SINCE JAN 1      6.15                     11.75  -5.60     9.44

SNOWFALL (IN)
  YESTERDAY        0.0
  MONTH TO DATE    0.0
  SINCE MAR 1      0.0
  SINCE JUL 1      0.0

DEGREE DAYS
 HEATING
  YESTERDAY        4                         4      0        0
  MONTH TO DATE   36                        95    -59       37
  SINCE MAR 1    234                       313    -79      125
  SINCE JUL 1    740                      1454   -714     1118

 COOLING
  YESTERDAY        0                         1     -1        1
  MONTH TO DATE   35                        18     17       11
  SINCE MAR 1     42                        28     14       77
  SINCE JAN 1     76                        34     42       78
..................................................................


WIND (MPH)
  HIGHEST WIND SPEED    15   HIGHEST WIND DIRECTION     S (200)
  HIGHEST GUST SPEED    23   HIGHEST GUST DIRECTION    SW (210)
  AVERAGE WIND SPEED     7.5


SKY COVER
  POSSIBLE SUNSHINE  MM
  AVERAGE SKY COVER 0.0


WEATHER CONDITIONS
 THE FOLLOWING WEATHER WAS RECORDED YESTERDAY.
  NO SIGNIFICANT WEATHER WAS OBSERVED.


RELATIVE HUMIDITY (PERCENT)
 HIGHEST    83          1000 PM
 LOWEST     22          1000 AM
 AVERAGE    53

..........................................................


THE BOB HOPE AIRPORT (BURBANK) CA CLIMATE NORMALS FOR TODAY
                         NORMAL    RECORD    YEAR
 MAXIMUM TEMPERATURE (F)   74        98      1958
 MINIMUM TEMPERATURE (F)   51        38      1967


SUNRISE AND SUNSET
APRIL 19 2018.........SUNRISE   617 AM PDT   SUNSET   728 PM PDT
APRIL 20 2018.........SUNRISE   616 AM PDT   SUNSET   729 PM PDT


-  INDICATES NEGATIVE NUMBERS.
R  INDICATES RECORD WAS SET OR TIED.
MM INDICATES DATA IS MISSING.
T  INDICATES TRACE AMOUNT.




$$
