000
CDUS45 KPIH 262328
CLIBYI


CLIMATE REPORT
NATIONAL WEATHER SERVICE POCATELLO ID
524 PM MDT THU APR 26 2018


...................................

...THE BURLEY ID CLIMATE SUMMARY FOR APRIL 26 2018...
VALID TODAY AS OF 0500 PM LOCAL TIME.

CLIMATE NORMAL PERIOD 1981 TO 2010
CLIMATE RECORD PERIOD 1948 TO 2018


WEATHER ITEM   OBSERVED TIME   RECORD YEAR NORMAL DEPARTURE LAST
                VALUE   (LST)  VALUE       VALUE  FROM      YEAR
                                                  NORMAL
..................................................................
TEMPERATURE (F)
 TODAY
  MAXIMUM         74    224 PM  87    1992  61     13       53
  MINIMUM         33    423 AM  22    2008  36     -3       40
  AVERAGE         54                        48      6       47

PRECIPITATION (IN)
  TODAY            0.00          0.57 1971   0.04  -0.04     0.17
  MONTH TO DATE    0.54                      0.90  -0.36     1.79
  SINCE OCT 1      5.49                      6.44  -0.95    11.11
  SINCE JAN 1      3.87                      3.61   0.26     6.32

SNOWFALL (IN)
  TODAY           MM
  MONTH TO DATE   MM
  SINCE MAR 1     MM
  SINCE JUL 1     MM
  SNOW DEPTH      MM

DEGREE DAYS
 HEATING
  TODAY           11                        16     -5       18
  MONTH TO DATE  436                       505    -69      485
  SINCE MAR 1   1232                      1302    -70     1065
  SINCE JUL 1   5583                      6324   -741     5871

 COOLING
  TODAY            0                         0      0        0
  MONTH TO DATE    0                         0      0        0
  SINCE MAR 1      0                         0      0        0
  SINCE JAN 1      0                         0      0        0
..................................................................


WIND (MPH)
  HIGHEST WIND SPEED    20   HIGHEST WIND DIRECTION    NE (30)
  HIGHEST GUST SPEED    27   HIGHEST GUST DIRECTION    NE (50)
  AVERAGE WIND SPEED     8.7


SKY COVER
  POSSIBLE SUNSHINE  MM
  AVERAGE SKY COVER 0.0


WEATHER CONDITIONS
 THE FOLLOWING WEATHER WAS RECORDED TODAY.
  NO SIGNIFICANT WEATHER WAS OBSERVED.


RELATIVE HUMIDITY (PERCENT)
 HIGHEST    76           500 AM
 LOWEST     15           400 PM
 AVERAGE    46

..........................................................


THE BURLEY ID CLIMATE NORMALS FOR TOMORROW
                         NORMAL    RECORD    YEAR
 MAXIMUM TEMPERATURE (F)   62        88      2000
 MINIMUM TEMPERATURE (F)   36        24      2008


SUNRISE AND SUNSET
APRIL 26 2018.........SUNRISE   637 AM MDT   SUNSET   830 PM MDT
APRIL 27 2018.........SUNRISE   635 AM MDT   SUNSET   831 PM MDT


-  INDICATES NEGATIVE NUMBERS.
R  INDICATES RECORD WAS SET OR TIED.
MM INDICATES DATA IS MISSING.
T  INDICATES TRACE AMOUNT.




$$
