000
CDUS45 KABQ 240838
CLICAO


CLIMATE REPORT
NATIONAL WEATHER SERVICE ALBUQUERQUE NM
236 AM MDT THU MAY 24 2018


...................................

...THE CLAYTON  NM CLIMATE SUMMARY FOR MAY 23 2018...

CLIMATE NORMAL PERIOD 1981 TO 2010
CLIMATE RECORD PERIOD 1896 TO 2018


WEATHER ITEM   OBSERVED TIME   RECORD YEAR NORMAL DEPARTURE
                VALUE   (LST)  VALUE       VALUE  FROM
                                                  NORMAL
...............................................................
TEMPERATURE (F)
 YESTERDAY
  MAXIMUM         76   1210 PM  96    2000  78     -2
  MINIMUM         53    513 AM  36    1957  50      3
  AVERAGE         65                        64      1

PRECIPITATION (IN)
  YESTERDAY        0.21          1.75 1909   0.07   0.14
  MONTH TO DATE    1.43                      1.31   0.12
  SINCE MAR 1      2.51                      3.20  -0.69
  SINCE JAN 1      2.54                      3.82  -1.28

SNOWFALL (IN)
  YESTERDAY        0.0
  MONTH TO DATE    0.0
  SINCE MAR 1      T
  SINCE JUL 1      0.8

DEGREE DAYS
 HEATING
  YESTERDAY        0                         4     -4
  MONTH TO DATE   48                       133    -85
  SINCE MAR 1   1064                      1162    -98
  SINCE JUL 1   4444                      4839   -395

 COOLING
  YESTERDAY        0                         2     -2
  MONTH TO DATE   65                        27     38
  SINCE MAR 1     73                        33     40
  SINCE JAN 1     73                        33     40
...............................................................


WIND (MPH)
  HIGHEST WIND SPEED    29   HIGHEST WIND DIRECTION     S (160)
  HIGHEST GUST SPEED    37   HIGHEST GUST DIRECTION    SE (120)
  AVERAGE WIND SPEED    13.5


SKY COVER
  AVERAGE SKY COVER 0.1


WEATHER CONDITIONS
 THE FOLLOWING WEATHER WAS RECORDED YESTERDAY.
  THUNDERSTORM
  RAIN
  LIGHT RAIN
  FOG


RELATIVE HUMIDITY (PERCENT)
 HIGHEST   100           400 AM
 LOWEST     49          1100 AM
 AVERAGE    75

..........................................................


THE CLAYTON  NM CLIMATE NORMALS FOR TODAY
                         NORMAL    RECORD    YEAR
 MAXIMUM TEMPERATURE (F)   78        95      1984
 MINIMUM TEMPERATURE (F)   50        37      1924


SUNRISE AND SUNSET
MAY 24 2018...........SUNRISE   540 AM MDT   SUNSET   800 PM MDT
MAY 25 2018...........SUNRISE   539 AM MDT   SUNSET   800 PM MDT


-  INDICATES NEGATIVE NUMBERS.
R  INDICATES RECORD WAS SET OR TIED.
MM INDICATES DATA IS MISSING.
T  INDICATES TRACE AMOUNT.




$$
