000
CDAK48 PAFC 220108
CLICDB


CLIMATE REPORT
NATIONAL WEATHER SERVICE ANCHORAGE, AK
507 PM AKDT MON MAY 21 2018


...................................

...THE COLD BAY CLIMATE SUMMARY FOR MAY 21 2018...
VALID TODAY AS OF 0500 PM LOCAL TIME.

CLIMATE NORMAL PERIOD 1981 TO 2010
CLIMATE RECORD PERIOD 1942 TO 2018


WEATHER ITEM   OBSERVED TIME   RECORD YEAR NORMAL DEPARTURE LAST
                VALUE   (LST)  VALUE       VALUE  FROM      YEAR
                                                  NORMAL
..................................................................
TEMPERATURE (F)
 TODAY
  MAXIMUM         44        MM  62    1992  47     -3       49
  MINIMUM         36        MM  24    1973  36      0       36
  AVERAGE         40                        41     -1       43

PRECIPITATION (IN)
  TODAY            0.02          0.88 1978   0.09  -0.07     0.06
  MONTH TO DATE    2.37                      1.67   0.70     1.34
  SINCE MAR 1      8.70                      6.79   1.91     2.39
  SINCE JAN 1     14.55                     12.93   1.62     9.37

SNOWFALL (IN)
  TODAY            0.0           1.2  1970   0.0    0.0     MM
  MONTH TO DATE    T                         1.2   -1.2      0.0
  SINCE MAR 1      6.2                      20.8  -14.6      2.9
  SINCE JUL 1     41.4                      73.0  -31.6     39.5
  SNOW DEPTH       0

DEGREE DAYS
 HEATING
  TODAY           25                        24      1       22
  MONTH TO DATE  521                       538    -17      494
  SINCE MAR 1   2239                      2550   -311     2549
  SINCE JUL 1   7782                      8768   -986     8109

 COOLING
  TODAY            0                         0      0        0
  MONTH TO DATE    0                         0      0        0
  SINCE MAR 1      0                         0      0        0
  SINCE JAN 1      0                         0      0        0
..................................................................


WIND (MPH)
  RESULTANT WIND SPEED  23   RESULTANT WIND DIRECTION  NW (310)
  HIGHEST WIND SPEED    25   HIGHEST WIND DIRECTION    NW (310)
  HIGHEST GUST SPEED    36   HIGHEST GUST DIRECTION    NW (330)
  AVERAGE WIND SPEED    22.8



WEATHER CONDITIONS
 THE FOLLOWING WEATHER WAS RECORDED TODAY.
  LIGHT RAIN
  LIGHT SNOW
  FOG


RELATIVE HUMIDITY (PERCENT)
 HIGHEST   100
 LOWEST     70
 AVERAGE    85

..........................................................


THE COLD BAY CLIMATE NORMALS FOR TOMORROW
                         NORMAL    RECORD    YEAR
 MAXIMUM TEMPERATURE (F)   47        58      2003
 MINIMUM TEMPERATURE (F)   36        18      1973


SUNRISE AND SUNSET
MAY 21 2018...........SUNRISE   632 AM AKDT  SUNSET  1104 PM AKDT
MAY 22 2018...........SUNRISE   630 AM AKDT  SUNSET  1106 PM AKDT


-  INDICATES NEGATIVE NUMBERS.
R  INDICATES RECORD WAS SET OR TIED.
MM INDICATES DATA IS MISSING.
T  INDICATES TRACE AMOUNT.




$$
