000
CDUS44 KLUB 250627
CLICDS


CLIMATE REPORT
NATIONAL WEATHER SERVICE LUBBOCK, TX
126 AM CDT WED APR 25 2018


...................................

...THE CHILDRESS CLIMATE SUMMARY FOR APRIL 24 2018...

CLIMATE NORMAL PERIOD 1981 TO 2010
CLIMATE RECORD PERIOD 1893 TO 2018


WEATHER ITEM   OBSERVED TIME   RECORD YEAR NORMAL DEPARTURE LAST
                VALUE   (LST)  VALUE       VALUE  FROM      YEAR
                                                  NORMAL
..................................................................
TEMPERATURE (F)
 YESTERDAY
  MAXIMUM         83    303 PM 100    1996  79      4       87
  MINIMUM         52    625 AM  26    2013  51      1       47
  AVERAGE         68                        65      3       67

PRECIPITATION (IN)
  YESTERDAY        0.00          2.00 1919   0.09  -0.09     0.00
  MONTH TO DATE    0.03                      1.60  -1.57     1.86
  SINCE MAR 1      0.60                      3.13  -2.53     3.35
  SINCE JAN 1      0.85                      4.91  -4.06     7.57

SNOWFALL (IN)
  YESTERDAY        0.0                       0.0    0.0      0.0
  MONTH TO DATE    T                         0.2   -0.2      0.0
  SINCE MAR 1      T                         0.6   -0.6      0.0
  SINCE JUL 1      1.0                       7.0   -6.0      1.5
  SNOW DEPTH       0

DEGREE DAYS
 HEATING
  YESTERDAY        0                         3     -3        0
  MONTH TO DATE  210                       136     74       96
  SINCE MAR 1    472                       511    -39      319
  SINCE JUL 1   2913                      3071   -158     2267

 COOLING
  YESTERDAY        3                         3      0        2
  MONTH TO DATE   49                        50     -1       68
  SINCE MAR 1     78                        68     10      126
  SINCE JAN 1     89                        69     20      141
..................................................................


WIND (MPH)
  RESULTANT WIND SPEED   8   RESULTANT WIND DIRECTION   E (70)
  HIGHEST WIND SPEED    29   HIGHEST WIND DIRECTION     N (360)
  HIGHEST GUST SPEED    38   HIGHEST GUST DIRECTION     N (20)
  AVERAGE WIND SPEED    14.0


SKY COVER
  AVERAGE SKY COVER 0.2


WEATHER CONDITIONS
 THE FOLLOWING WEATHER WAS RECORDED YESTERDAY.
  NO SIGNIFICANT WEATHER WAS OBSERVED.


RELATIVE HUMIDITY (PERCENT)
 HIGHEST    72           700 AM
 LOWEST     31           400 PM
 AVERAGE    52

..........................................................


THE CHILDRESS CLIMATE NORMALS FOR TODAY
                         NORMAL    RECORD    YEAR
 MAXIMUM TEMPERATURE (F)   79       106      2012
 MINIMUM TEMPERATURE (F)   51        37      2013


SUNRISE AND SUNSET
APRIL 25 2018.........SUNRISE   658 AM CDT   SUNSET   821 PM CDT
APRIL 26 2018.........SUNRISE   657 AM CDT   SUNSET   822 PM CDT


-  INDICATES NEGATIVE NUMBERS.
R  INDICATES RECORD WAS SET OR TIED.
MM INDICATES DATA IS MISSING.
T  INDICATES TRACE AMOUNT.




$$
