000
CDUS46 KEKA 270011
CLICEC


CLIMATE REPORT
NATIONAL WEATHER SERVICE EUREKA CA
510 PM PDT THU APR 26 2018


...................................

...THE CRESCENT CITY CA CLIMATE SUMMARY FOR APRIL 26 2018...
VALID TODAY AS OF 0500 PM LOCAL TIME.

CLIMATE NORMAL PERIOD 1981 TO 2010
CLIMATE RECORD PERIOD 1894 TO 2018


WEATHER ITEM   OBSERVED TIME   RECORD YEAR NORMAL DEPARTURE LAST
                VALUE   (LST)  VALUE       VALUE  FROM      YEAR
                                                  NORMAL
..................................................................
TEMPERATURE (F)
 TODAY
  MAXIMUM         55    110 PM  70    2004  55      0       55
  MINIMUM         49    625 AM  34    1984  45      4       47
  AVERAGE         52                        50      2       51

PRECIPITATION (IN)
  TODAY            0.00          1.79 2010   0.13  -0.13     0.59
  MONTH TO DATE    4.51                      4.73  -0.22     8.76
  SINCE OCT 1     43.75                     57.10 -13.35    90.85
  SINCE JAN 1     29.73                     31.86  -2.13    45.75

SNOWFALL (IN)
  TODAY            0.0          MM      MM  MM     MM       MM
  MONTH TO DATE    0.0                      MM     MM        0.0
  SINCE MAR 1      0.0                      MM     MM        0.0
  SINCE JUL 1      0.0                      MM     MM        0.0
  SNOW DEPTH       0

..................................................................


WIND (MPH)
  HIGHEST WIND SPEED     9   HIGHEST WIND DIRECTION    SW (210)
  HIGHEST GUST SPEED    12   HIGHEST GUST DIRECTION    SW (210)
  AVERAGE WIND SPEED     4.8


SKY COVER
  AVERAGE SKY COVER 1.0


WEATHER CONDITIONS
 THE FOLLOWING WEATHER WAS RECORDED TODAY.
  FOG


RELATIVE HUMIDITY (PERCENT)
 HIGHEST   100
 LOWEST     72
 AVERAGE    86

..........................................................


THE CRESCENT CITY CA CLIMATE NORMALS FOR TOMORROW
                         NORMAL    RECORD    YEAR
 MAXIMUM TEMPERATURE (F)   55        68      1992
 MINIMUM TEMPERATURE (F)   45        33      1955


SUNRISE AND SUNSET
APRIL 26 2018.........SUNRISE   620 AM PDT   SUNSET   810 PM PDT
APRIL 27 2018.........SUNRISE   619 AM PDT   SUNSET   811 PM PDT


-  INDICATES NEGATIVE NUMBERS.
R  INDICATES RECORD WAS SET OR TIED.
MM INDICATES DATA IS MISSING.
T  INDICATES TRACE AMOUNT.




$$
