000
CDUS41 KLWX 230530
CLICHO


CLIMATE REPORT
NATIONAL WEATHER SERVICE BALTIMORE MD/WASHINGTON DC
129 AM EDT MON APR 23 2018


...................................

...THE CHARLOTTESVILLE VA CLIMATE SUMMARY FOR APRIL 22 2018...

CLIMATE NORMAL PERIOD 1981 TO 2010
CLIMATE RECORD PERIOD 1998 TO 2018


WEATHER ITEM   OBSERVED TIME   RECORD YEAR NORMAL DEPARTURE LAST
                VALUE   (LST)  VALUE       VALUE  FROM      YEAR
                                                  NORMAL
..................................................................
TEMPERATURE (F)
 YESTERDAY
  MAXIMUM         70    442 PM  MM      MM  69      1       72
  MINIMUM         47    614 AM  MM      MM  45      2       50
  AVERAGE         59                        57      2       61

PRECIPITATION (IN)
  YESTERDAY        0.00                      0.12  -0.12     0.31
  MONTH TO DATE    2.15                      2.50  -0.35     1.70
  SINCE MAR 1      3.96                      6.16  -2.20     4.43
  SINCE JAN 1      9.82                     11.63  -1.81     7.67

DEGREE DAYS
 HEATING
  YESTERDAY        6                         9     -3        4
  MONTH TO DATE  263                       248     15       91
  SINCE MAR 1    922                       840     82      595
  SINCE JUL 1   3805                      4252   -447     2968

 COOLING
  YESTERDAY        0                         1     -1        0
  MONTH TO DATE   16                        14      2       50
  SINCE MAR 1     16                        16      0       54
  SINCE JAN 1     21                        16      5       55
..................................................................


WIND (MPH)
  HIGHEST WIND SPEED    12   HIGHEST WIND DIRECTION     S (190)
  HIGHEST GUST SPEED    15   HIGHEST GUST DIRECTION    SE (140)
  AVERAGE WIND SPEED     4.4


SKY COVER
  POSSIBLE SUNSHINE  MM
  AVERAGE SKY COVER 0.1


WEATHER CONDITIONS
 THE FOLLOWING WEATHER WAS RECORDED YESTERDAY.
  NO SIGNIFICANT WEATHER WAS OBSERVED.


RELATIVE HUMIDITY (PERCENT)
 HIGHEST    59           800 AM
 LOWEST     35           600 PM
 AVERAGE    47

..........................................................


THE CHARLOTTESVILLE VA CLIMATE NORMALS FOR TODAY
                         NORMAL    RECORD    YEAR
 MAXIMUM TEMPERATURE (F)   70        MM        MM
 MINIMUM TEMPERATURE (F)   45        MM        MM


SUNRISE AND SUNSET
APRIL 23 2018.........SUNRISE   627 AM EDT   SUNSET   757 PM EDT
APRIL 24 2018.........SUNRISE   626 AM EDT   SUNSET   758 PM EDT


-  INDICATES NEGATIVE NUMBERS.
R  INDICATES RECORD WAS SET OR TIED.
MM INDICATES DATA IS MISSING.
T  INDICATES TRACE AMOUNT.




$$
