000
CDUS42 KCHS 192126
CLICHS


CLIMATE REPORT
NATIONAL WEATHER SERVICE CHARLESTON SC
525 PM EDT THU APR 19 2018


...................................

...THE NORTH CHARLESTON SC CLIMATE SUMMARY FOR APRIL 19 2018...
VALID TODAY AS OF 0500 PM LOCAL TIME.

CLIMATE NORMAL PERIOD 1981 TO 2010
CLIMATE RECORD PERIOD 1938 TO 2018


WEATHER ITEM   OBSERVED TIME   RECORD YEAR NORMAL DEPARTURE LAST
                VALUE   (LST)  VALUE       VALUE  FROM      YEAR
                                                  NORMAL
..................................................................
TEMPERATURE (F)
 TODAY
  MAXIMUM         85    248 PM  91    1995  77      8       82
  MINIMUM         63    612 AM  35    1983  54      9       63
  AVERAGE         74                        66      8       73

PRECIPITATION (IN)
  TODAY            0.00          0.77 1988   0.10  -0.10     0.50
  MONTH TO DATE    1.49                      1.86  -0.37     4.40
  SINCE MAR 1      3.72                      5.57  -1.85     5.42
  SINCE JAN 1      7.89                     12.24  -4.35     9.60

SNOWFALL (IN)
  TODAY            0.0                       0.0    0.0
  SINCE MAR 1      0.0                       0.0    0.0
  SINCE JUL 1      5.3                       0.5    4.8

DEGREE DAYS
 HEATING
  TODAY            0                         2     -2        0
  MONTH TO DATE   84                        70     14       23
  SINCE MAR 1    358                       309     49      257
  SINCE JUL 1   1806                      1945   -139     1225

 COOLING
  TODAY            9                         3      6        8
  MONTH TO DATE   49                        43      6       73
  SINCE MAR 1     71                        70      1      132
  SINCE JAN 1    133                        77     56      167
..................................................................


WIND (MPH)
  HIGHEST WIND SPEED    28   HIGHEST WIND DIRECTION     W (270)
  HIGHEST GUST SPEED    36   HIGHEST GUST DIRECTION     W (260)
  AVERAGE WIND SPEED    13.9


SKY COVER
  POSSIBLE SUNSHINE  MM
  AVERAGE SKY COVER 0.3


WEATHER CONDITIONS
 THE FOLLOWING WEATHER WAS RECORDED TODAY.
  NO SIGNIFICANT WEATHER WAS OBSERVED.


RELATIVE HUMIDITY (PERCENT)
 HIGHEST    78           600 AM
 LOWEST     37           200 PM
 AVERAGE    58

..........................................................


THE NORTH CHARLESTON SC CLIMATE NORMALS FOR TOMORROW
                         NORMAL    RECORD    YEAR
 MAXIMUM TEMPERATURE (F)   77        95      2002
 MINIMUM TEMPERATURE (F)   54        31      1983


SUNRISE AND SUNSET
APRIL 19 2018.........SUNRISE   646 AM EDT   SUNSET   753 PM EDT
APRIL 20 2018.........SUNRISE   645 AM EDT   SUNSET   754 PM EDT


-  INDICATES NEGATIVE NUMBERS.
R  INDICATES RECORD WAS SET OR TIED.
MM INDICATES DATA IS MISSING.
T  INDICATES TRACE AMOUNT.




$$
