000
CDUS43 KTOP 190634
CLICNK


CLIMATE REPORT
NATIONAL WEATHER SERVICE TOPEKA KS
133 AM CDT THU APR 19 2018


...................................

...THE CONCORDIA KS CLIMATE SUMMARY FOR APRIL 18 2018...

CLIMATE NORMAL PERIOD 1981 TO 2010
CLIMATE RECORD PERIOD 1885 TO 2018


WEATHER ITEM   OBSERVED TIME   RECORD YEAR NORMAL DEPARTURE LAST
                VALUE   (LST)  VALUE       VALUE  FROM      YEAR
                                                  NORMAL
..................................................................
TEMPERATURE (F)
 YESTERDAY
  MAXIMUM         52    306 PM  92    1994  66    -14       78
  MINIMUM         33   1159 PM  27    1953  42     -9       56
  AVERAGE         43                        54    -11       67

PRECIPITATION (IN)
  YESTERDAY        0.00          1.07 1970   0.07  -0.07     0.02
  MONTH TO DATE    0.15                      1.36  -1.21     1.96
  SINCE MAR 1      0.73                      3.37  -2.64     5.15
  SINCE JAN 1      1.72                      4.74  -3.02     7.00

SNOWFALL (IN)
  YESTERDAY        0.0           T    2008   0.1   -0.1      0.0
  MONTH TO DATE    0.4                       0.5   -0.1      0.0
  SINCE JAN 1      9.8                      13.7   -3.9      2.1
  SINCE JUL 1     11.6                      20.2   -8.6      4.3
  SNOW DEPTH       0

DEGREE DAYS
 HEATING
  YESTERDAY       22                        12     10        0
  MONTH TO DATE  420                       256    164      177
  SINCE MAR 1   1074                       940    134      746
  SINCE JUL 1   5159                      5147     12     4247

 COOLING
  YESTERDAY        0                         1     -1        2
  MONTH TO DATE    2                         3     -1       12
  SINCE MAR 1      2                         4     -2       16
  SINCE JAN 1      2                         4     -2       16
..................................................................


WIND (MPH)
  HIGHEST WIND SPEED    37   HIGHEST WIND DIRECTION    NW (320)
  HIGHEST GUST SPEED    55   HIGHEST GUST DIRECTION    NW (310)
  AVERAGE WIND SPEED    17.4


SKY COVER
  AVERAGE SKY COVER 0.6


WEATHER CONDITIONS
 THE FOLLOWING WEATHER WAS RECORDED YESTERDAY.
  NO SIGNIFICANT WEATHER WAS OBSERVED.


RELATIVE HUMIDITY (PERCENT)
 HIGHEST    82           400 AM
 LOWEST     36           100 PM
 AVERAGE    59

..........................................................


THE CONCORDIA KS CLIMATE NORMALS FOR TODAY
                         NORMAL    RECORD    YEAR
 MAXIMUM TEMPERATURE (F)   66        89      1955
 MINIMUM TEMPERATURE (F)   42        27      2013


SUNRISE AND SUNSET
APRIL 19 2018.........SUNRISE   647 AM CDT   SUNSET   813 PM CDT
APRIL 20 2018.........SUNRISE   646 AM CDT   SUNSET   814 PM CDT


-  INDICATES NEGATIVE NUMBERS.
R  INDICATES RECORD WAS SET OR TIED.
MM INDICATES DATA IS MISSING.
T  INDICATES TRACE AMOUNT.




$$
