000
CDUS41 KGYX 262046
CLICON


CLIMATE REPORT
NATIONAL WEATHER SERVICE GRAY ME
446 PM EDT THU APR 26 2018


...................................

...THE CONCORD NH CLIMATE SUMMARY FOR APRIL 26 2018...
VALID TODAY AS OF 0400 PM LOCAL TIME.

CLIMATE NORMAL PERIOD 1981 TO 2010
CLIMATE RECORD PERIOD 1868 TO 2018


WEATHER ITEM   OBSERVED TIME   RECORD YEAR NORMAL DEPARTURE LAST
                VALUE   (LST)  VALUE       VALUE  FROM      YEAR
                                                  NORMAL
..................................................................
TEMPERATURE (F)
 TODAY
  MAXIMUM         67   1232 PM  85    1915  62      5       57
                                      1872
  MINIMUM         50    650 AM  19    1893  36     14       44
  AVERAGE         59                        49     10       51

PRECIPITATION (IN)
  TODAY            0.11          1.12 1910   0.11   0.00     0.37
  MONTH TO DATE    3.78                      2.94   0.84     4.22
  SINCE MAR 1      6.36                      6.21   0.15     8.20
  SINCE JAN 1     13.12                     11.53   1.59    13.15

SNOWFALL (IN)
  TODAY            0.0           6.0  1874   0.0    0.0      0.0
  MONTH TO DATE    1.7                       2.7   -1.0      6.9
  SINCE MAR 1     30.4                      13.8   16.6     29.3
  SINCE JUL 1     87.9                      61.3   26.6     86.3
  SNOW DEPTH       0

DEGREE DAYS
 HEATING
  TODAY            6                        16    -10       14
  MONTH TO DATE  629                       540     89      452
  SINCE MAR 1   1598                      1527     71     1556
  SINCE JUL 1   6395                      6787   -392     6054

 COOLING
  TODAY            0                         0      0        0
  MONTH TO DATE    0                         0      0        2
  SINCE MAR 1      0                         0      0        2
  SINCE JAN 1      0                         0      0        2
..................................................................


WIND (MPH)
  HIGHEST WIND SPEED    22   HIGHEST WIND DIRECTION     W (260)
  HIGHEST GUST SPEED    29   HIGHEST GUST DIRECTION     W (270)
  AVERAGE WIND SPEED     8.4


SKY COVER
  POSSIBLE SUNSHINE  MM
  AVERAGE SKY COVER 0.8


WEATHER CONDITIONS
 THE FOLLOWING WEATHER WAS RECORDED TODAY.
  HEAVY RAIN
  RAIN
  LIGHT RAIN
  FOG


RELATIVE HUMIDITY (PERCENT)
 HIGHEST    93           100 AM
 LOWEST     43           100 PM
 AVERAGE    68

..........................................................


THE CONCORD NH CLIMATE NORMALS FOR TOMORROW
                         NORMAL    RECORD    YEAR
 MAXIMUM TEMPERATURE (F)   63        92      1990
 MINIMUM TEMPERATURE (F)   36        21      1974
                                             1972


SUNRISE AND SUNSET
APRIL 26 2018.........SUNRISE   547 AM EDT   SUNSET   742 PM EDT
APRIL 27 2018.........SUNRISE   545 AM EDT   SUNSET   743 PM EDT


-  INDICATES NEGATIVE NUMBERS.
R  INDICATES RECORD WAS SET OR TIED.
MM INDICATES DATA IS MISSING.
T  INDICATES TRACE AMOUNT.




$$
