000
CDUS46 KLOX 251245
CLICQT


CLIMATE REPORT
NATIONAL WEATHER SERVICE LOS ANGELES/OXNARD CA
545 AM PDT WED APR 25 2018


...................................

...THE DOWNTOWN LOS ANGELES (USC) CA CLIMATE SUMMARY FOR APRIL 24 2018...

CLIMATE NORMAL PERIOD 1981 TO 2010
CLIMATE RECORD PERIOD 1877 TO 2018


WEATHER ITEM   OBSERVED TIME   RECORD YEAR NORMAL DEPARTURE LAST
                VALUE   (LST)  VALUE       VALUE  FROM      YEAR
                                                  NORMAL
..................................................................
TEMPERATURE (F)
 YESTERDAY
  MAXIMUM         70    108 PM  93    2001  74     -4       73
                                      1898
  MINIMUM         53    454 AM  44    1900  55     -2       59
                                      1899
  AVERAGE         62                        64     -2       66

PRECIPITATION (IN)
  YESTERDAY        0.00          0.41 1967   0.03  -0.03     0.00
  MONTH TO DATE    0.02                      0.78  -0.76     0.08
  SINCE OCT 1      4.63                     14.16  -9.53    18.67
  SINCE JAN 1      4.51                     10.13  -5.62    12.72

SNOWFALL (IN)
  YESTERDAY        0.0
  MONTH TO DATE    0.0
  SINCE MAR 1      0.0
  SINCE JUL 1      0.0

DEGREE DAYS
 HEATING
  YESTERDAY        3                         3      0        0
  MONTH TO DATE   41                        84    -43       12
  SINCE MAR 1    186                       241    -55       54
  SINCE JUL 1    597                      1016   -419      706

 COOLING
  YESTERDAY        0                         2     -2        1
  MONTH TO DATE   45                        31     14       62
  SINCE MAR 1     45                        51     -6      127
  SINCE JAN 1     81                        74      7      135
..................................................................


WIND (MPH)
  HIGHEST WIND SPEED     9   HIGHEST WIND DIRECTION     W (280)
  HIGHEST GUST SPEED    14   HIGHEST GUST DIRECTION     W (280)
  AVERAGE WIND SPEED     1.2


SKY COVER
  POSSIBLE SUNSHINE  MM
  AVERAGE SKY COVER 0.2


WEATHER CONDITIONS
 THE FOLLOWING WEATHER WAS RECORDED YESTERDAY.
  FOG
  HAZE


RELATIVE HUMIDITY (PERCENT)
 HIGHEST    93           200 AM
 LOWEST     57          1200 PM
 AVERAGE    75

..........................................................


THE DOWNTOWN LOS ANGELES (USC) CA CLIMATE NORMALS FOR TODAY
                         NORMAL    RECORD    YEAR
 MAXIMUM TEMPERATURE (F)   74        94      1898
 MINIMUM TEMPERATURE (F)   55        42      1882


SUNRISE AND SUNSET
APRIL 25 2018.........SUNRISE   610 AM PDT   SUNSET   732 PM PDT
APRIL 26 2018.........SUNRISE   609 AM PDT   SUNSET   733 PM PDT


-  INDICATES NEGATIVE NUMBERS.
R  INDICATES RECORD WAS SET OR TIED.
MM INDICATES DATA IS MISSING.
T  INDICATES TRACE AMOUNT.




$$
