000
CDUS41 KRLX 240718
CLICRW


CLIMATE REPORT
NATIONAL WEATHER SERVICE CHARLESTON WV
318 AM EDT TUE APR 24 2018


...................................

...THE CHARLESTON WV CLIMATE SUMMARY FOR APRIL 23 2018...

CLIMATE NORMAL PERIOD 1981 TO 2010
CLIMATE RECORD PERIOD 1901 TO 2018


WEATHER ITEM   OBSERVED TIME   RECORD YEAR NORMAL DEPARTURE LAST
                VALUE   (LST)  VALUE       VALUE  FROM      YEAR
                                                  NORMAL
..................................................................
TEMPERATURE (F)
 YESTERDAY
  MAXIMUM         64   1023 AM  90    2001  70     -6       59
                                      1985
  MINIMUM         51   1115 PM  29    1986  47      4       44
                                      1982
                                      1927
  AVERAGE         58                        58      0       52

PRECIPITATION (IN)
  YESTERDAY        0.13          1.16 1995   0.11   0.02     0.02
  MONTH TO DATE    3.68                      2.41   1.27     2.26
  SINCE JAN 1     19.16                     12.51   6.65    13.75

SNOWFALL (IN)
  YESTERDAY        0.0           0.0  2017   0.0    0.0      0.0
                                      2001
  MONTH TO DATE    2.2                       1.4    0.8       T
  SINCE SEP 1     19.3                      36.4  -17.1      7.5
  SNOW DEPTH       0

DEGREE DAYS
 HEATING
  YESTERDAY        7                         8     -1       13
  MONTH TO DATE  345                       246     99      136
  SINCE MAR 1   1062                       846    216      705
  SINCE JUL 1   4333                      4300     33     3412

 COOLING
  YESTERDAY        0                         1     -1        0
  MONTH TO DATE   11                        22    -11       20
  SINCE MAR 1     13                        27    -14       23
  SINCE JAN 1     22                        27     -5       23
..................................................................


WIND (MPH)
  HIGHEST WIND SPEED    23   HIGHEST WIND DIRECTION    SE (150)
  HIGHEST GUST SPEED    33   HIGHEST GUST DIRECTION    SE (150)
  AVERAGE WIND SPEED     8.6


SKY COVER
  POSSIBLE SUNSHINE  MM
  AVERAGE SKY COVER 0.8


WEATHER CONDITIONS
 THE FOLLOWING WEATHER WAS RECORDED YESTERDAY.
  LIGHT RAIN


RELATIVE HUMIDITY (PERCENT)
 HIGHEST    96          1100 PM
 LOWEST     37          1000 AM
 AVERAGE    67

..........................................................


THE CHARLESTON WV CLIMATE NORMALS FOR TODAY
                         NORMAL    RECORD    YEAR
 MAXIMUM TEMPERATURE (F)   70        91      1915
 MINIMUM TEMPERATURE (F)   47        29      1986
                                             1927


SUNRISE AND SUNSET
APRIL 24 2018.........SUNRISE   638 AM EDT   SUNSET   811 PM EDT
APRIL 25 2018.........SUNRISE   637 AM EDT   SUNSET   812 PM EDT


-  INDICATES NEGATIVE NUMBERS.
R  INDICATES RECORD WAS SET OR TIED.
MM INDICATES DATA IS MISSING.
T  INDICATES TRACE AMOUNT.




$$
