000
CDUS45 KTFX 200754
CLICTB


CLIMATE REPORT
NATIONAL WEATHER SERVICE GREAT FALLS MT
154 AM MDT FRI APR 20 2018


...................................

...THE CUT BANK MT CLIMATE SUMMARY FOR APRIL 19 2018...

CLIMATE NORMAL PERIOD 1981 TO 2010
CLIMATE RECORD PERIOD 1903 TO 2018


WEATHER ITEM   OBSERVED TIME   RECORD YEAR NORMAL DEPARTURE LAST
                VALUE   (LST)  VALUE       VALUE  FROM      YEAR
                                                  NORMAL
..................................................................
TEMPERATURE (F)
 YESTERDAY
  MAXIMUM         56    348 PM  83    1962  54      2       59
  MINIMUM         26    603 AM   2    1927  30     -4       34
  AVERAGE         41                        42     -1       47

PRECIPITATION (IN)
  YESTERDAY        0.00          0.45 1985   0.03  -0.03     0.00
  MONTH TO DATE    0.34                      0.43  -0.09     1.19
  SINCE OCT 1      4.72                      2.36   2.36     4.50
  SINCE JAN 1      2.61                      1.34   1.27     3.07

SNOWFALL (IN)
  YESTERDAY       MM
  SNOW DEPTH       0

DEGREE DAYS
 HEATING
  YESTERDAY       24                        23      1       18
  MONTH TO DATE  685                       486    199      438
  SINCE MAR 1   1949                      1524    425     1459
  SINCE JUL 1   8467                      7584    883     7810

 COOLING
  YESTERDAY        0                         0      0        0
  MONTH TO DATE    0                         0      0        0
  SINCE MAR 1      0                         0      0        0
  SINCE JAN 1      0                         0      0        0
..................................................................


WIND (MPH)
  HIGHEST WIND SPEED    13   HIGHEST WIND DIRECTION     E (100)
  HIGHEST GUST SPEED    19   HIGHEST GUST DIRECTION     E (110)
  AVERAGE WIND SPEED     5.2


SKY COVER
  AVERAGE SKY COVER 0.0


WEATHER CONDITIONS
 THE FOLLOWING WEATHER WAS RECORDED YESTERDAY.
  HAZE


RELATIVE HUMIDITY (PERCENT)
 HIGHEST    92           400 AM
 LOWEST     30           200 PM
 AVERAGE    61

..........................................................


THE CUT BANK MT CLIMATE NORMALS FOR TODAY
                         NORMAL    RECORD    YEAR
 MAXIMUM TEMPERATURE (F)   55        81      1980
 MINIMUM TEMPERATURE (F)   30        -5      1927


SUNRISE AND SUNSET
APRIL 20 2018.........SUNRISE   629 AM MDT   SUNSET   828 PM MDT
APRIL 21 2018.........SUNRISE   627 AM MDT   SUNSET   830 PM MDT


-  INDICATES NEGATIVE NUMBERS.
R  INDICATES RECORD WAS SET OR TIED.
MM INDICATES DATA IS MISSING.
T  INDICATES TRACE AMOUNT.




$$
