241
CDUS43 KUNR 220833
CLICUT


CLIMATE REPORT
NATIONAL WEATHER SERVICE RAPID CITY SD
231 AM MDT SUN APR 22 2018


...................................

...THE CUSTER COUNTY AIRPORT SD CLIMATE SUMMARY FOR APRIL 21 2018...

CLIMATE NORMAL PERIOD 1981 TO 2010
CLIMATE RECORD PERIOD 9999 TO 9999


WEATHER ITEM   OBSERVED TIME   NORMAL DEPARTURE LAST
                VALUE   (LST)  VALUE  FROM      YEAR
                                      NORMAL
......................................................
TEMPERATURE (F)
 YESTERDAY
  MAXIMUM         50    305 PM  53     -3       48
  MINIMUM         31    633 AM  29      2       32
  AVERAGE         41            41      0       40

PRECIPITATION (IN)
  YESTERDAY        0.00          0.07  -0.07     0.04
  MONTH TO DATE    1.37          1.36   0.01     2.13
  SINCE MAR 1      3.05          2.37   0.68     2.84
  SINCE JAN 1      5.36          3.23   2.13     4.85

DEGREE DAYS
 HEATING
  YESTERDAY       24            24      0       25
  MONTH TO DATE  673           572    101      489
  SINCE MAR 1   1706          1612     94     1333
  SINCE JUL 1   7498          7447     51     6701

 COOLING
  YESTERDAY        0             0      0        0
  MONTH TO DATE    0             0      0        0
  SINCE MAR 1      0             0      0        0
  SINCE JAN 1      0             0      0        0
......................................................


WIND (MPH)
  HIGHEST WIND SPEED    12   HIGHEST WIND DIRECTION     S (170)
  HIGHEST GUST SPEED    18   HIGHEST GUST DIRECTION     S (170)
  AVERAGE WIND SPEED     5.3


SKY COVER
  AVERAGE SKY COVER 0.9


WEATHER CONDITIONS
 THE FOLLOWING WEATHER WAS RECORDED YESTERDAY.
  FOG
  FOG W/VISIBILITY <= 1/4 MILE


RELATIVE HUMIDITY (PERCENT)
 HIGHEST   100
 LOWEST     53
 AVERAGE    77

..........................................................




SUNRISE AND SUNSET
APRIL 22 2018.........SUNRISE   600 AM MDT   SUNSET   747 PM MDT
APRIL 23 2018.........SUNRISE   559 AM MDT   SUNSET   748 PM MDT


-  INDICATES NEGATIVE NUMBERS.
R  INDICATES RECORD WAS SET OR TIED.
MM INDICATES DATA IS MISSING.
T  INDICATES TRACE AMOUNT.




$$
