000
CDUS41 KILN 202054
CLICVG


CLIMATE REPORT
NATIONAL WEATHER SERVICE WILMINGTON OH
453 PM EDT SUN MAY 20 2018


...................................

...THE CINCINNATI OH CLIMATE SUMMARY FOR MAY 20 2018...
VALID TODAY AS OF 0400 PM LOCAL TIME.

CLIMATE NORMAL PERIOD 1981 TO 2010
CLIMATE RECORD PERIOD 1869 TO 2018


WEATHER ITEM   OBSERVED TIME   RECORD YEAR NORMAL DEPARTURE LAST
                VALUE   (LST)  VALUE       VALUE  FROM      YEAR
                                                  NORMAL
..................................................................
TEMPERATURE (F)
 TODAY
  MAXIMUM         86    330 PM  92    1934  75     11       79
  MINIMUM         64    555 AM  35    1894  54     10       62
  AVERAGE         75                        65     10       71

PRECIPITATION (IN)
  TODAY            0.00          2.37 1902   0.16  -0.16     0.67
  MONTH TO DATE    1.49                      3.18  -1.69     4.14
  SINCE MAR 1      9.27                     11.03  -1.76    14.11
  SINCE JAN 1     19.28                     16.84   2.44    21.33

SNOWFALL (IN)
  TODAY            0.0           0.0    MM   0.0    0.0      0.0
  MONTH TO DATE    0.0                       0.0    0.0      0.0
  SINCE MAR 1     12.2                       3.5    8.7      2.0
  SINCE JUL 1     23.8                      22.1    1.7     10.0
  SNOW DEPTH       0

DEGREE DAYS
 HEATING
  TODAY            0                         3     -3        0
  MONTH TO DATE    9                        99    -90      120
  SINCE MAR 1   1267                      1106    161      912
  SINCE JUL 1   4954                      4933     21     3992

 COOLING
  TODAY           10                         3      7        6
  MONTH TO DATE  130                        36     94       53
  SINCE MAR 1    137                        54     83      105
  SINCE JAN 1    142                        54     88      105
..................................................................


WIND (MPH)
  HIGHEST WIND SPEED    12   HIGHEST WIND DIRECTION    NW (320)
  HIGHEST GUST SPEED    14   HIGHEST GUST DIRECTION     W (290)
  AVERAGE WIND SPEED     4.1


SKY COVER
  POSSIBLE SUNSHINE  MM
  AVERAGE SKY COVER 0.6


WEATHER CONDITIONS
 THE FOLLOWING WEATHER WAS RECORDED TODAY.
  FOG


RELATIVE HUMIDITY (PERCENT)
 HIGHEST    93           200 AM
 LOWEST     48           300 PM
 AVERAGE    71

..........................................................


THE CINCINNATI OH CLIMATE NORMALS FOR TOMORROW
                         NORMAL    RECORD    YEAR
 MAXIMUM TEMPERATURE (F)   75        92      1941
 MINIMUM TEMPERATURE (F)   55        36      1883


SUNRISE AND SUNSET
MAY 20 2018...........SUNRISE   622 AM EDT   SUNSET   849 PM EDT
MAY 21 2018...........SUNRISE   621 AM EDT   SUNSET   850 PM EDT


-  INDICATES NEGATIVE NUMBERS.
R  INDICATES RECORD WAS SET OR TIED.
MM INDICATES DATA IS MISSING.
T  INDICATES TRACE AMOUNT.




$$
