721
CDUS41 KRNK 210617
CLIDAN


CLIMATE REPORT
NATIONAL WEATHER SERVICE BLACKSBURG VA
215 AM EDT SAT APR 21 2018


...................................

...THE DANVILLE VA CLIMATE SUMMARY FOR APRIL 20 2018...

CLIMATE NORMAL PERIOD 1981 TO 2010
CLIMATE RECORD PERIOD 1948 TO 2018


WEATHER ITEM   OBSERVED TIME   RECORD YEAR NORMAL DEPARTURE LAST
                VALUE   (LST)  VALUE       VALUE  FROM      YEAR
                                                  NORMAL
..................................................................
TEMPERATURE (F)
 YESTERDAY
  MAXIMUM         64    527 PM  94    1976  71     -7       83
  MINIMUM         30R   536 AM  30    2001  48    -18       56
  AVERAGE         47                        60    -13       70

PRECIPITATION (IN)
  YESTERDAY        0.00          1.55 1959   0.11  -0.11      T
  MONTH TO DATE    2.26                      2.35  -0.09     1.35
  SINCE MAR 1      5.81                      6.46  -0.65     4.00
  SINCE JAN 1     11.03                     12.89  -1.86     8.77

SNOWFALL (IN)
  YESTERDAY        0.0                                       0.0
  MONTH TO DATE    T                                         0.0
  SINCE MAR 1      7.4                                        T
  SINCE JUL 1     21.1                                       8.8
  SNOW DEPTH       0

DEGREE DAYS
 HEATING
  YESTERDAY       18                         6     12        0
  MONTH TO DATE  221                       179     42       99
  SINCE MAR 1    839                       689    150      577
  SINCE JUL 1   3504                      3690   -186     3033

 COOLING
  YESTERDAY        0                         1     -1        5
  MONTH TO DATE   14                        19     -5       33
  SINCE MAR 1     15                        22     -7       36
  SINCE JAN 1     15                        22     -7       41
..................................................................


WIND (MPH)
  HIGHEST WIND SPEED    15   HIGHEST WIND DIRECTION     N (360)
  HIGHEST GUST SPEED    21   HIGHEST GUST DIRECTION     N (350)
  AVERAGE WIND SPEED     4.6


SKY COVER
  AVERAGE SKY COVER 0.0


WEATHER CONDITIONS
 THE FOLLOWING WEATHER WAS RECORDED YESTERDAY.
  NO SIGNIFICANT WEATHER WAS OBSERVED.


RELATIVE HUMIDITY (PERCENT)
 HIGHEST    89           600 AM
 LOWEST     19           500 PM
 AVERAGE    54

..........................................................


THE DANVILLE VA CLIMATE NORMALS FOR TODAY
                         NORMAL    RECORD    YEAR
 MAXIMUM TEMPERATURE (F)   72        95      1985
 MINIMUM TEMPERATURE (F)   48        27      1956


SUNRISE AND SUNSET
APRIL 21 2018.........SUNRISE   636 AM EDT   SUNSET   757 PM EDT
APRIL 22 2018.........SUNRISE   634 AM EDT   SUNSET   758 PM EDT


-  INDICATES NEGATIVE NUMBERS.
R  INDICATES RECORD WAS SET OR TIED.
MM INDICATES DATA IS MISSING.
T  INDICATES TRACE AMOUNT.

REMARKS:
DUE TO MISSING DATA FROM JANUARY 4-9, 21-22, AND MARCH 2-3...ALL
INFORMATION WILL BE CALCULATED WITHOUT DATA FROM THESE DATES.

$$
RCS
