000
CDUS44 KSHV 260732
CLIDEQ


CLIMATE REPORT
NATIONAL WEATHER SERVICE SHREVEPORT, LA
232 AM CDT SAT MAY 26 2018


...................................

...THE DE QUEEN CLIMATE SUMMARY FOR MAY 25 2018...

CLIMATE NORMAL PERIOD 1981 TO 2010
CLIMATE RECORD PERIOD 1902 TO 2018


WEATHER ITEM   OBSERVED TIME   RECORD YEAR NORMAL DEPARTURE LAST
                VALUE   (LST)  VALUE       VALUE  FROM      YEAR
                                                  NORMAL
..................................................................
TEMPERATURE (F)
 YESTERDAY
  MAXIMUM         90    134 PM  93    1964  83      7       85
  MINIMUM         66    530 AM  47    2017  61      5       47
                                      1979
  AVERAGE         78                        72      6       66

PRECIPITATION (IN)
  YESTERDAY        0.00          2.96 1969   0.11  -0.11     0.00
  MONTH TO DATE    1.38                      4.76  -3.38     2.59
  SINCE DEC 1     30.08                     24.69   5.39    21.84
  SINCE JAN 1     24.83                     20.33   4.50    19.13

SNOWFALL (IN)
  YESTERDAY        0.0
  MONTH TO DATE    0.0
  SINCE MAR 1      0.0
  SINCE JUL 1      0.1
  SNOW DEPTH       0

DEGREE DAYS
 HEATING
  YESTERDAY        0                         0      0        0
  MONTH TO DATE    0                        21    -21       24
  SINCE MAR 1    503                       551    -48      332
  SINCE JUL 1   2877                      3042   -165     2101

 COOLING
  YESTERDAY       13                         7      6        1
  MONTH TO DATE  245                       121    124      104
  SINCE MAR 1    263                       166     97      201
  SINCE JAN 1    265                       168     97      211
..................................................................


WIND (MPH)
  HIGHEST WIND SPEED    22   HIGHEST WIND DIRECTION     W (290)
  HIGHEST GUST SPEED    28   HIGHEST GUST DIRECTION    NW (300)
  AVERAGE WIND SPEED     2.6


SKY COVER
  POSSIBLE SUNSHINE  MM
  AVERAGE SKY COVER 0.0


WEATHER CONDITIONS
 THE FOLLOWING WEATHER WAS RECORDED YESTERDAY.
  THUNDERSTORM
  FOG
  HAZE


RELATIVE HUMIDITY (PERCENT)
 HIGHEST   100          1200 AM
 LOWEST     59          1200 PM
 AVERAGE    80

..........................................................


THE DE QUEEN CLIMATE NORMALS FOR TODAY
                         NORMAL    RECORD    YEAR
 MAXIMUM TEMPERATURE (F)   83        92      1996
 MINIMUM TEMPERATURE (F)   62        45      1988


SUNRISE AND SUNSET
MAY 26 2018...........SUNRISE   610 AM CDT   SUNSET   820 PM CDT
MAY 27 2018...........SUNRISE   609 AM CDT   SUNSET   821 PM CDT


-  INDICATES NEGATIVE NUMBERS.
R  INDICATES RECORD WAS SET OR TIED.
MM INDICATES DATA IS MISSING.
T  INDICATES TRACE AMOUNT.




$$
