234
CDUS46 KOTX 250837
CLIDEW


CLIMATE REPORT
NATIONAL WEATHER SERVICE SPOKANE, WA
135 AM PDT FRI MAY 25 2018


...................................

...THE DEER_PARK WA AIRPORT CLIMATE SUMMARY FOR MAY 24 2018...

CLIMATE NORMAL PERIOD 1981 TO 2010
CLIMATE RECORD PERIOD 9999 TO 9999


WEATHER ITEM   OBSERVED TIME   RECORD YEAR NORMAL DEPARTURE LAST
                VALUE   (LST)  VALUE       VALUE  FROM      YEAR
                                                  NORMAL
..................................................................
TEMPERATURE (F)
 YESTERDAY
  MAXIMUM         79    444 PM  MM      MM  68     11       64
  MINIMUM         53   1159 PM  MM      MM  41     12       41
  AVERAGE         66                        54     12       53

PRECIPITATION (IN)
  YESTERDAY        T            MM      MM   0.07  -0.07     0.00
  MONTH TO DATE    1.71                      1.36   0.35     1.84
  SINCE OCT 1     20.84                     17.08   3.76    27.00
  SINCE JAN 1     11.71                      9.26   2.45    15.56

SNOWFALL (IN)
  YESTERDAY       MM

DEGREE DAYS
 HEATING
  YESTERDAY        0                        11    -11       12
  MONTH TO DATE  143                       333   -190      317
  SINCE MAR 1   1615                      1779   -164     1780
  SINCE JUL 1   6762                      7144   -382     7290

 COOLING
  YESTERDAY        1                         0      1        0
  MONTH TO DATE    7                         0      7        1
  SINCE MAR 1      7                         0      7        1
  SINCE JAN 1      7                         0      7        1
..................................................................


WIND (MPH)
  HIGHEST WIND SPEED    18   HIGHEST WIND DIRECTION    SW (220)
  HIGHEST GUST SPEED    22   HIGHEST GUST DIRECTION    SW (230)
  AVERAGE WIND SPEED     5.7


SKY COVER
  POSSIBLE SUNSHINE  MM
  AVERAGE SKY COVER 0.3


WEATHER CONDITIONS
 THE FOLLOWING WEATHER WAS RECORDED YESTERDAY.
  LIGHT RAIN


RELATIVE HUMIDITY (PERCENT)
 HIGHEST   100           600 AM
 LOWEST     37           500 PM
 AVERAGE    69

..........................................................


THE DEER_PARK WA AIRPORT CLIMATE NORMALS FOR TODAY
                         NORMAL    RECORD    YEAR
 MAXIMUM TEMPERATURE (F)   68        MM        MM
 MINIMUM TEMPERATURE (F)   41        MM        MM


SUNRISE AND SUNSET
MAY 25 2018...........SUNRISE   500 AM PDT   SUNSET   834 PM PDT
MAY 26 2018...........SUNRISE   459 AM PDT   SUNSET   835 PM PDT


-  INDICATES NEGATIVE NUMBERS.
R  INDICATES RECORD WAS SET OR TIED.
MM INDICATES DATA IS MISSING.
T  INDICATES TRACE AMOUNT.




$$
