000
CDUS43 KBIS 220730
CLIDIK


CLIMATE REPORT
NATIONAL WEATHER SERVICE BISMARCK ND
229 AM CDT TUE MAY 22 2018


...................................

...THE DICKINSON ND CLIMATE SUMMARY FOR MAY 21 2018...

CLIMATE NORMAL PERIOD 1981 TO 2010
CLIMATE RECORD PERIOD 1893 TO 2018


WEATHER ITEM   OBSERVED TIME   RECORD YEAR NORMAL DEPARTURE LAST
                VALUE   (LST)  VALUE       VALUE  FROM      YEAR
                                                  NORMAL
..................................................................
TEMPERATURE (F)
 YESTERDAY
  MAXIMUM         76    458 PM  96    1980  68      8       68
  MINIMUM         35    443 AM  18    1931  42     -7       28
  AVERAGE         56                        55      1       48

PRECIPITATION (IN)
  YESTERDAY        0.00          1.13 1912   0.07  -0.07      T
  MONTH TO DATE    0.56                      1.50  -0.94     1.19
  SINCE MAR 1      2.08                      3.66  -1.58     2.03
  SINCE JAN 1      2.26                      4.29  -2.03     2.34

DEGREE DAYS
 HEATING
  YESTERDAY        9                        11     -2       17
  MONTH TO DATE  206                       288    -82      240
  SINCE MAR 1   2250                      2056    194     1956
  SINCE JUL 1   8768                      8350    418     8086

 COOLING
  YESTERDAY        0                         0      0        0
  MONTH TO DATE    5                         0      5       10
  SINCE MAR 1      5                         1      4       10
  SINCE JAN 1      5                         1      4       10
..................................................................


WIND (MPH)
  HIGHEST WIND SPEED    20   HIGHEST WIND DIRECTION     S (170)
  HIGHEST GUST SPEED    24   HIGHEST GUST DIRECTION     S (160)
  AVERAGE WIND SPEED     9.6


SKY COVER
  POSSIBLE SUNSHINE  MM
  AVERAGE SKY COVER 0.0


WEATHER CONDITIONS
 THE FOLLOWING WEATHER WAS RECORDED YESTERDAY.
  NO SIGNIFICANT WEATHER WAS OBSERVED.


RELATIVE HUMIDITY (PERCENT)
 HIGHEST    85           100 AM
 LOWEST     19           300 PM
 AVERAGE    52

..........................................................


THE DICKINSON ND CLIMATE NORMALS FOR TODAY
                         NORMAL    RECORD    YEAR
 MAXIMUM TEMPERATURE (F)   68        99      1980
 MINIMUM TEMPERATURE (F)   42        24      1918


SUNRISE AND SUNSET
MAY 22 2018...........SUNRISE   509 AM MDT   SUNSET   828 PM MDT
MAY 23 2018...........SUNRISE   508 AM MDT   SUNSET   829 PM MDT


-  INDICATES NEGATIVE NUMBERS.
R  INDICATES RECORD WAS SET OR TIED.
MM INDICATES DATA IS MISSING.
T  INDICATES TRACE AMOUNT.




$$
