000
CDUS45 KTFX 191012
CLIDLN


CLIMATE REPORT
NATIONAL WEATHER SERVICE GREAT FALLS MT
410 AM MDT THU APR 19 2018


...................................

...THE DILLON AIRPORT MT CLIMATE SUMMARY FOR APRIL 18 2018...

CLIMATE NORMAL PERIOD 1981 TO 2010
CLIMATE RECORD PERIOD 1929 TO 2018


WEATHER ITEM   OBSERVED TIME   RECORD YEAR NORMAL DEPARTURE LAST
                VALUE   (LST)  VALUE       VALUE  FROM      YEAR
                                                  NORMAL
..................................................................
TEMPERATURE (F)
 YESTERDAY
  MAXIMUM         48    421 PM  77    1962  55     -7       58
  MINIMUM         22    619 AM  11    1941  29     -7       38
  AVERAGE         35                        42     -7       48

PRECIPITATION (IN)
  YESTERDAY        0.00          0.71 2005   0.04  -0.04     0.03
  MONTH TO DATE    1.15                      0.60   0.55     0.99
  SINCE OCT 1      3.82                      3.08   0.74     4.39
  SINCE JAN 1      2.69                      1.68   1.01     1.85

SNOWFALL (IN)
  YESTERDAY       MM
  SNOW DEPTH       0

DEGREE DAYS
 HEATING
  YESTERDAY       30                                7       17
  MONTH TO DATE  505                               53      423
  SINCE MAR 1   1620                              218     1159
  SINCE JUL 1   7597                              278     7114

 COOLING
  YESTERDAY        0                                0        0
  MONTH TO DATE    0                                0        0
  SINCE MAR 1      0                                0        0
  SINCE JAN 1      0                                0        0
..................................................................


WIND (MPH)
  HIGHEST WIND SPEED    18   HIGHEST WIND DIRECTION    SE (130)
  HIGHEST GUST SPEED    22   HIGHEST GUST DIRECTION    SE (130)
  AVERAGE WIND SPEED     7.0


SKY COVER
  AVERAGE SKY COVER 0.3


WEATHER CONDITIONS
 THE FOLLOWING WEATHER WAS RECORDED YESTERDAY.
  NO SIGNIFICANT WEATHER WAS OBSERVED.


RELATIVE HUMIDITY (PERCENT)
 HIGHEST    88
 LOWEST     25
 AVERAGE    57

..........................................................


THE DILLON AIRPORT MT CLIMATE NORMALS FOR TODAY
                         NORMAL    RECORD    YEAR
 MAXIMUM TEMPERATURE (F)   56        80      1962
 MINIMUM TEMPERATURE (F)   29         1      1941


SUNRISE AND SUNSET
APRIL 19 2018.........SUNRISE   638 AM MDT   SUNSET   821 PM MDT
APRIL 20 2018.........SUNRISE   636 AM MDT   SUNSET   823 PM MDT


-  INDICATES NEGATIVE NUMBERS.
R  INDICATES RECORD WAS SET OR TIED.
MM INDICATES DATA IS MISSING.
T  INDICATES TRACE AMOUNT.




$$
