000
CDUS45 KEPZ 240938
CLIDMN


CLIMATE REPORT
NATIONAL WEATHER SERVICE EL PASO, TX
334 AM MDT THU MAY 24 2018


...................................

...THE DEMING CLIMATE SUMMARY FOR MAY 23 2018...

CLIMATE NORMAL PERIOD 1981 TO 2010
CLIMATE RECORD PERIOD 2000 TO 2018


WEATHER ITEM   OBSERVED TIME   NORMAL DEPARTURE LAST
                VALUE   (LST)  VALUE  FROM      YEAR
                                      NORMAL
......................................................
TEMPERATURE (F)
 YESTERDAY
  MAXIMUM         90    402 PM  89              93
  MINIMUM         53    525 AM  53              57
  AVERAGE         72            71      1       75

PRECIPITATION (IN)
  YESTERDAY        0.00          0.00   0.00     0.00
  MONTH TO DATE    0.00          0.38  -0.38     0.02
  SINCE MAR 1      T             1.16  -1.16     0.03
  SINCE JAN 1      1.55          2.36  -0.81     2.96

......................................................


WIND (MPH)
  HIGHEST WIND SPEED    17   HIGHEST WIND DIRECTION     S (200)
  HIGHEST GUST SPEED    24   HIGHEST GUST DIRECTION     S (200)
  AVERAGE WIND SPEED     8.1


SKY COVER
  AVERAGE SKY COVER 0.0


WEATHER CONDITIONS
 THE FOLLOWING WEATHER WAS RECORDED YESTERDAY.
  NO SIGNIFICANT WEATHER WAS OBSERVED.


RELATIVE HUMIDITY (PERCENT)
 HIGHEST    27           500 AM
 LOWEST      9           300 PM
 AVERAGE    18

..........................................................


THE DEMING CLIMATE NORMALS FOR TODAY
                         NORMAL
 MAXIMUM TEMPERATURE (F)   89
 MINIMUM TEMPERATURE (F)   53


SUNRISE AND SUNSET
MAY 24 2018...........SUNRISE   608 AM MDT   SUNSET   808 PM MDT
MAY 25 2018...........SUNRISE   607 AM MDT   SUNSET   808 PM MDT


-  INDICATES NEGATIVE NUMBERS.
R  INDICATES RECORD WAS SET OR TIED.
MM INDICATES DATA IS MISSING.
T  INDICATES TRACE AMOUNT.




$$
