000
CDUS43 KEAX 250050
CLIDMO


CLIMATE REPORT
NATIONAL WEATHER SERVICE KANSAS CITY/PLEASANT HILL MO
750 PM CDT TUE APR 24 2018


...................................

...THE SEDALIA MO CLIMATE SUMMARY FOR APRIL 24 2018...
VALID TODAY AS OF 0500 PM LOCAL TIME.

CLIMATE NORMAL PERIOD 1981 TO 2010
CLIMATE RECORD PERIOD 9999 TO 9999


WEATHER ITEM   OBSERVED TIME   NORMAL DEPARTURE LAST
                VALUE   (LST)  VALUE  FROM      YEAR
                                      NORMAL
......................................................
TEMPERATURE (F)
 TODAY
  MAXIMUM         78    459 PM  70      8       79
  MINIMUM         46    529 AM  49     -3       42
  AVERAGE         62            59      3       61

PRECIPITATION (IN)
  TODAY            0.00          0.17  -0.17     0.00
  MONTH TO DATE    0.45          3.11  -2.66     2.61
  SINCE MAR 1      3.09          5.72  -2.63     5.91
  SINCE JAN 1      7.04          9.32  -2.28     7.33

DEGREE DAYS
 HEATING
  TODAY            3             7     -4        4
  MONTH TO DATE  435           244    191      145
  SINCE MAR 1   1050           829    221      599
  SINCE JUL 1   4580          4446    134     3482

 COOLING
  TODAY            0             1     -1        0
  MONTH TO DATE   15            23     -8       38
  SINCE MAR 1     15            26    -11       46
  SINCE JAN 1     15            26    -11       46
......................................................


WIND (MPH)
  HIGHEST WIND SPEED    18   HIGHEST WIND DIRECTION    NW (330)
  HIGHEST GUST SPEED    28   HIGHEST GUST DIRECTION    NW (330)
  AVERAGE WIND SPEED     7.7


SKY COVER
  AVERAGE SKY COVER 0.0


WEATHER CONDITIONS
 THE FOLLOWING WEATHER WAS RECORDED TODAY.
  NO SIGNIFICANT WEATHER WAS OBSERVED.


RELATIVE HUMIDITY (PERCENT)
 HIGHEST    69           900 AM
 LOWEST     23           400 PM
 AVERAGE    46

..........................................................


THE SEDALIA MO CLIMATE NORMALS FOR TOMORROW
                         NORMAL
 MAXIMUM TEMPERATURE (F)   70
 MINIMUM TEMPERATURE (F)   49


SUNRISE AND SUNSET
APRIL 24 2018.........SUNRISE   624 AM CDT   SUNSET   758 PM CDT
APRIL 25 2018.........SUNRISE   622 AM CDT   SUNSET   759 PM CDT


-  INDICATES NEGATIVE NUMBERS.
R  INDICATES RECORD WAS SET OR TIED.
MM INDICATES DATA IS MISSING.
T  INDICATES TRACE AMOUNT.




$$
