000
CDUS45 KLKN 270034
CLIEKO


CLIMATE REPORT
NATIONAL WEATHER SERVICE ELKO NV
532 PM PDT THU APR 26 2018


...................................

...THE ELKO AIRPORT NV CLIMATE SUMMARY FOR APRIL 26 2018...
VALID TODAY AS OF 0500 PM LOCAL TIME.

CLIMATE NORMAL PERIOD 1981 TO 2010
CLIMATE RECORD PERIOD 1888 TO 2018


WEATHER ITEM   OBSERVED TIME   RECORD YEAR NORMAL DEPARTURE LAST
                VALUE   (LST)  VALUE       VALUE  FROM      YEAR
                                                  NORMAL
..................................................................
TEMPERATURE (F)
 TODAY
  MAXIMUM         78    309 PM  84    1987  63     15       53
                                      1927
  MINIMUM         32    409 AM  13    1899  33     -1       40
  AVERAGE         55                        48      7       47

PRECIPITATION (IN)
  TODAY            0.00          0.57 1963   0.04  -0.04     0.15
  MONTH TO DATE    0.93                      0.84   0.09     1.31
  SINCE OCT 1      5.60                      6.86  -1.26    12.28
  SINCE JAN 1      3.90                      3.80   0.10     6.65

SNOWFALL (IN)
  TODAY            0.0           2.6  1963   0.1   -0.1      0.0
  MONTH TO DATE    0.5                       3.0   -2.5       T
  SINCE MAR 1     14.3                       8.1    6.2      1.9
  SINCE JUL 1     28.2                      40.6  -12.4     53.3
  SNOW DEPTH       0

DEGREE DAYS
 HEATING
  TODAY           10                        17     -7       18
  MONTH TO DATE  475                       528    -53      499
  SINCE MAR 1   1343                      1337      6     1134
  SINCE JUL 1   5985                      6505   -520     5870

 COOLING
  TODAY            0                         0      0        0
  MONTH TO DATE    0                         0      0        0
  SINCE MAR 1      0                         0      0        0
  SINCE JAN 1      0                         0      0        0
..................................................................


WIND (MPH)
  HIGHEST WIND SPEED    12   HIGHEST WIND DIRECTION    NE (40)
  HIGHEST GUST SPEED    16   HIGHEST GUST DIRECTION     E (90)



WEATHER CONDITIONS
 THE FOLLOWING WEATHER WAS RECORDED TODAY.
  NO SIGNIFICANT WEATHER WAS OBSERVED.


RELATIVE HUMIDITY (PERCENT)
 HIGHEST    70           600 AM
 LOWEST     14           400 PM
 AVERAGE    42

..........................................................


THE ELKO AIRPORT NV CLIMATE NORMALS FOR TOMORROW
                         NORMAL    RECORD    YEAR
 MAXIMUM TEMPERATURE (F)   63        84      2000
 MINIMUM TEMPERATURE (F)   33        12      1918


SUNRISE AND SUNSET
APRIL 26 2018.........SUNRISE   548 AM PDT   SUNSET   734 PM PDT
APRIL 27 2018.........SUNRISE   547 AM PDT   SUNSET   735 PM PDT


-  INDICATES NEGATIVE NUMBERS.
R  INDICATES RECORD WAS SET OR TIED.
MM INDICATES DATA IS MISSING.
T  INDICATES TRACE AMOUNT.




$$
